{"id":6652,"date":"2020-04-23T17:15:32","date_gmt":"2020-04-23T17:15:32","guid":{"rendered":"https:\/\/evebegalli.com\/?post_type=product&#038;p=6652"},"modified":"2024-10-29T18:37:05","modified_gmt":"2024-10-29T18:37:05","slug":"statue-bamana-maternite-jumeaux-mali","status":"publish","type":"product","link":"https:\/\/evebegalli.com\/en\/product\/statue-bamana-maternite-jumeaux-mali\/","title":{"rendered":"Statue Bamana Maternit\u00e9 Jumeaux, Mali"},"content":{"rendered":"<div class=\"epyt-video-wrapper\"><iframe  id=\"_ytid_36830\"  width=\"1200\" height=\"675\"  data-origwidth=\"1200\" data-origheight=\"675\" src=\"https:\/\/www.youtube.com\/embed\/4lqBlCT415c?enablejsapi=1&autoplay=0&cc_load_policy=0&cc_lang_pref=&iv_load_policy=1&loop=0&rel=0&fs=1&playsinline=0&autohide=2&theme=dark&color=red&controls=1&disablekb=0&\" class=\"__youtube_prefs__  no-lazyload\" title=\"YouTube player\"  allow=\"fullscreen; accelerometer; autoplay; clipboard-write; encrypted-media; gyroscope; picture-in-picture; web-share\" referrerpolicy=\"strict-origin-when-cross-origin\" allowfullscreen data-no-lazy=\"1\" data-skipgform_ajax_framebjll=\"\"><\/iframe><\/div>","protected":false},"excerpt":{"rendered":"<p>Grande statue d\u2019une m\u00e8re assise sur un tabouret, allaitant deux enfants assis sur ses genoux sous une ample poitrine. La forme est solide, compacte, \u00e9vocatrice de stabilit\u00e9 et \u00e9quilibre.<br \/>\nLes notions de beaut\u00e9 Bamana sont \u00e9voqu\u00e9es dans cette figure de m\u00e8re. La figure fait partie d\u2019un corpus de grandes sculptures relativement naturalistes dont les volumes arrondis et la vari\u00e9t\u00e9 des gestes s\u2019\u00e9cartent des formes angulaires et des postures raides caract\u00e9ristiques de nombreux autres types de sculptures Bamana.<br \/>\nSculpture taill\u00e9e en coupes franches, le buste s\u2019\u00e9largit en des \u00e9paules puissantes. La sculpture est dot\u00e9 d\u2019une g\u00e9n\u00e9reuse poitrine conique, arbore une haute coiffure en forme de casque, trois nattes qui descendent sur les \u00e9paules et dans le dos. Le visage serein aux paupi\u00e8res baiss\u00e9es, le long nez fin et la petite bouche, s\u2019inscrit dans une forme de c\u0153ur. Elle maintient ses enfant de part e d&rsquo;autre d\u2019un nombril saillant, les bras sont orn\u00e9s de bracelets sculpt\u00e9s et les belles oreilles sont perc\u00e9es de trous qui dans le temps ont perdus leur bijoux. Les traces d\u2019outil r\u00e9guli\u00e8res font jouer la lumi\u00e8re sur la patine sombre, quelques incisions d\u00e9taillant \u00e7a et l\u00e0 cette oeuvre aux lignes pures.<br \/>\nLa belle patine grasse, brune nuanc\u00e9e t\u00e9moigne d\u2019une grande anciennet\u00e9 et de\u00a0l\u2019importance de cette \u0153uvre qui avait pour but premier de valoriser la fonction sociale du Dyo et du Gwan lors des repr\u00e9sentations rituelles annuelles dans lesquelles cette belle statue \u00e9tait utilis\u00e9e.<\/p>\n<p><strong>Origin<\/strong><br \/>\nCollected in situ in 1950 by Gabriel Sala<br \/>\nEx Collection Safari Museum, ca. 1980 Montverdun<br \/>\nEx Collection Marc Cohen, Saint-Rapha\u00ebl, acquired in 2011<br \/>\nEve Begalli collection, Grenoble, acquired in 2015<\/p>\n<div>\n<p><a href=\"https:\/\/www.pressreader.com\/monaco\/monaco-matin\/20161028\/281779923672562\">https:\/\/www.pressreader.com\/monaco\/monaco-matin\/20161028\/281779923672562<\/a><\/p>\n<\/div>","protected":false},"featured_media":6663,"template":"","meta":{"_exactmetrics_skip_tracking":false,"_exactmetrics_sitenote_active":false,"_exactmetrics_sitenote_note":"","_exactmetrics_sitenote_category":0,"neve_meta_sidebar":"","neve_meta_container":"","neve_meta_enable_content_width":"on","neve_meta_content_width":100,"neve_meta_title_alignment":"","neve_meta_author_avatar":"","neve_post_elements_order":"","neve_meta_disable_header":"","neve_meta_disable_footer":"","neve_meta_disable_title":"","_themeisle_gutenberg_block_has_review":false},"product_brand":[],"product_cat":[27],"product_tag":[],"class_list":{"0":"post-6652","1":"product","2":"type-product","3":"status-publish","4":"has-post-thumbnail","6":"product_cat-statues","7":"pa_dimensions-h-79cm","8":"pa_epoque-debut-du-xxeme-siecle","9":"pa_ethnie-bamana","10":"pa_materiaux-bois","11":"pa_pays-mali","13":"first","14":"outofstock","15":"sold-individually","16":"taxable","17":"shipping-taxable","18":"product-type-simple","19":"add-to-wishlist-before_image"},"_links":{"self":[{"href":"https:\/\/evebegalli.com\/en\/wp-json\/wp\/v2\/product\/6652","targetHints":{"allow":["GET"]}}],"collection":[{"href":"https:\/\/evebegalli.com\/en\/wp-json\/wp\/v2\/product"}],"about":[{"href":"https:\/\/evebegalli.com\/en\/wp-json\/wp\/v2\/types\/product"}],"version-history":[{"count":1,"href":"https:\/\/evebegalli.com\/en\/wp-json\/wp\/v2\/product\/6652\/revisions"}],"predecessor-version":[{"id":15893,"href":"https:\/\/evebegalli.com\/en\/wp-json\/wp\/v2\/product\/6652\/revisions\/15893"}],"wp:featuredmedia":[{"embeddable":true,"href":"https:\/\/evebegalli.com\/en\/wp-json\/wp\/v2\/media\/6663"}],"wp:attachment":[{"href":"https:\/\/evebegalli.com\/en\/wp-json\/wp\/v2\/media?parent=6652"}],"wp:term":[{"taxonomy":"product_brand","embeddable":true,"href":"https:\/\/evebegalli.com\/en\/wp-json\/wp\/v2\/product_brand?post=6652"},{"taxonomy":"product_cat","embeddable":true,"href":"https:\/\/evebegalli.com\/en\/wp-json\/wp\/v2\/product_cat?post=6652"},{"taxonomy":"product_tag","embeddable":true,"href":"https:\/\/evebegalli.com\/en\/wp-json\/wp\/v2\/product_tag?post=6652"}],"curies":[{"name":"wp","href":"https:\/\/api.w.org\/{rel}","templated":true}]}}

Statue Bamana Maternité Jumeaux, Mali

<p>Grande statue d’une mère assise sur un tabouret, allaitant deux enfants assis sur ses genoux sous une ample poitrine. La forme est solide, compacte, évocatrice de stabilité et équilibre.<br />
Les notions de beauté Bamana sont évoquées dans cette figure de mère. La figure fait partie d’un corpus de grandes sculptures relativement naturalistes dont les volumes arrondis et la variété des gestes s’écartent des formes angulaires et des postures raides caractéristiques de nombreux autres types de sculptures Bamana.<br />
Sculpture taillée en coupes franches, le buste s’élargit en des épaules puissantes. La sculpture est doté d’une généreuse poitrine conique, arbore une haute coiffure en forme de casque, trois nattes qui descendent sur les épaules et dans le dos. Le visage serein aux paupières baissées, le long nez fin et la petite bouche, s’inscrit dans une forme de cœur. Elle maintient ses enfant de part e d&rsquo;autre d’un nombril saillant, les bras sont ornés de bracelets sculptés et les belles oreilles sont percées de trous qui dans le temps ont perdus leur bijoux. Les traces d’outil régulières font jouer la lumière sur la patine sombre, quelques incisions détaillant ça et là cette oeuvre aux lignes pures.<br />
La belle patine grasse, brune nuancée témoigne d’une grande ancienneté et de l’importance de cette œuvre qui avait pour but premier de valoriser la fonction sociale du Dyo et du Gwan lors des représentations rituelles annuelles dans lesquelles cette belle statue était utilisée.</p>
<p><strong>Origin</strong><br />
Collected in situ in 1950 by Gabriel Sala<br />
Ex Collection Safari Museum, ca. 1980 Montverdun<br />
Ex Collection Marc Cohen, Saint-Raphaël, acquired in 2011<br />
Eve Begalli collection, Grenoble, acquired in 2015</p>
<div>
<p><a href="https://www.pressreader.com/monaco/monaco-matin/20161028/281779923672562">https://www.pressreader.com/monaco/monaco-matin/20161028/281779923672562</a></p>
</div>
