{"id":5504,"date":"2020-03-19T19:38:21","date_gmt":"2020-03-19T19:38:21","guid":{"rendered":"https:\/\/evebegalli.com\/?post_type=product&#038;p=5504"},"modified":"2020-12-08T20:12:11","modified_gmt":"2020-12-08T20:12:11","slug":"masque-dogon-mali","status":"publish","type":"product","link":"https:\/\/evebegalli.com\/en\/product\/masque-dogon-mali\/","title":{"rendered":"Masque Dogon, Mali"},"content":{"rendered":"<div class=\"epyt-video-wrapper\"><iframe  id=\"_ytid_21151\"  width=\"1200\" height=\"675\"  data-origwidth=\"1200\" data-origheight=\"675\" src=\"https:\/\/www.youtube.com\/embed\/cx10K95md2c?enablejsapi=1&autoplay=0&cc_load_policy=0&cc_lang_pref=&iv_load_policy=1&loop=0&rel=0&fs=1&playsinline=0&autohide=2&theme=dark&color=red&controls=1&disablekb=0&\" class=\"__youtube_prefs__  no-lazyload\" title=\"YouTube player\"  allow=\"fullscreen; accelerometer; autoplay; clipboard-write; encrypted-media; gyroscope; picture-in-picture; web-share\" referrerpolicy=\"strict-origin-when-cross-origin\" allowfullscreen data-no-lazy=\"1\" data-skipgform_ajax_framebjll=\"\"><\/iframe><\/div>","protected":false},"excerpt":{"rendered":"<p>Ce \u00ab masque de chasseur \u00bb, appartient \u00e0 l\u2019ensemble le plus restreint des masques Dogon : celui \u00e0 repr\u00e9sentation anthropomorphe. Au sommet du cr\u00e2ne un calao, oiseau mythique de la cosmogonie Dogon, surmonte le masque. Comme tous les masques Dogon, la plupart animaliers &#8211; il a \u00e9t\u00e9 cr\u00e9\u00e9 pour lutter contre la col\u00e8re du <em>nyama<\/em> des animaux tu\u00e9s par les chasseurs. A la figure de l&rsquo;oiseau s\u2019oppose la longue face plane divis\u00e9e par la stricte verticale du nez. La dynamique du visage est accentu\u00e9e par les yeux qui sont creus\u00e9s dans toute l&rsquo;\u00e9paisseur du masque et prennent la forme d&rsquo;un triangle. Bois clair et l\u00e9ger, patin\u00e9 par le temps et l&rsquo;usage, rehauss\u00e9 d&rsquo;une patine noire.<\/p>\n<p><strong>Origin<\/strong><br \/>\nEx collection priv\u00e9, collect\u00e9 par un fonctionnaire colonial belge, travaillant dans l&rsquo;Est Congo.<br \/>\nArt Primitif &#8211; African Art, The Netherlands<br \/>\nCollection Eve Begalli, Grenoble (France) &#8211; 2017<\/p>","protected":false},"featured_media":5534,"template":"","meta":{"_exactmetrics_skip_tracking":false,"_exactmetrics_sitenote_active":false,"_exactmetrics_sitenote_note":"","_exactmetrics_sitenote_category":0,"neve_meta_sidebar":"","neve_meta_container":"","neve_meta_enable_content_width":"on","neve_meta_content_width":100,"neve_meta_title_alignment":"","neve_meta_author_avatar":"","neve_post_elements_order":"","neve_meta_disable_header":"","neve_meta_disable_footer":"","neve_meta_disable_title":"","_themeisle_gutenberg_block_has_review":false},"product_brand":[],"product_cat":[26],"product_tag":[],"class_list":{"0":"post-5504","1":"product","2":"type-product","3":"status-publish","4":"has-post-thumbnail","6":"product_cat-masques","7":"pa_dimensions-h-45-cm","8":"pa_epoque-premiere-moitie-xx-siecle","9":"pa_ethnie-dogon","10":"pa_materiaux-bois","11":"pa_pays-mali","13":"first","14":"outofstock","15":"sold-individually","16":"taxable","17":"shipping-taxable","18":"product-type-simple","19":"add-to-wishlist-before_image"},"_links":{"self":[{"href":"https:\/\/evebegalli.com\/en\/wp-json\/wp\/v2\/product\/5504","targetHints":{"allow":["GET"]}}],"collection":[{"href":"https:\/\/evebegalli.com\/en\/wp-json\/wp\/v2\/product"}],"about":[{"href":"https:\/\/evebegalli.com\/en\/wp-json\/wp\/v2\/types\/product"}],"version-history":[{"count":0,"href":"https:\/\/evebegalli.com\/en\/wp-json\/wp\/v2\/product\/5504\/revisions"}],"wp:featuredmedia":[{"embeddable":true,"href":"https:\/\/evebegalli.com\/en\/wp-json\/wp\/v2\/media\/5534"}],"wp:attachment":[{"href":"https:\/\/evebegalli.com\/en\/wp-json\/wp\/v2\/media?parent=5504"}],"wp:term":[{"taxonomy":"product_brand","embeddable":true,"href":"https:\/\/evebegalli.com\/en\/wp-json\/wp\/v2\/product_brand?post=5504"},{"taxonomy":"product_cat","embeddable":true,"href":"https:\/\/evebegalli.com\/en\/wp-json\/wp\/v2\/product_cat?post=5504"},{"taxonomy":"product_tag","embeddable":true,"href":"https:\/\/evebegalli.com\/en\/wp-json\/wp\/v2\/product_tag?post=5504"}],"curies":[{"name":"wp","href":"https:\/\/api.w.org\/{rel}","templated":true}]}}

<p>Ce « masque de chasseur », appartient à l’ensemble le plus restreint des masques Dogon : celui à représentation anthropomorphe. Au sommet du crâne un calao, oiseau mythique de la cosmogonie Dogon, surmonte le masque. Comme tous les masques Dogon, la plupart animaliers &#8211; il a été créé pour lutter contre la colère du <em>nyama</em> des animaux tués par les chasseurs. A la figure de l&rsquo;oiseau s’oppose la longue face plane divisée par la stricte verticale du nez. La dynamique du visage est accentuée par les yeux qui sont creusés dans toute l&rsquo;épaisseur du masque et prennent la forme d&rsquo;un triangle. Bois clair et léger, patiné par le temps et l&rsquo;usage, rehaussé d&rsquo;une patine noire.</p>
<p><strong>Origin</strong><br />
Ex collection privé, collecté par un fonctionnaire colonial belge, travaillant dans l&rsquo;Est Congo.<br />
Art Primitif &#8211; African Art, The Netherlands<br />
Collection Eve Begalli, Grenoble (France) &#8211; 2017</p>
