{"id":18064,"date":"2025-02-19T21:16:23","date_gmt":"2025-02-19T21:16:23","guid":{"rendered":"https:\/\/evebegalli.com\/?post_type=product&#038;p=18064"},"modified":"2025-02-19T21:23:14","modified_gmt":"2025-02-19T21:23:14","slug":"statue-lobi-a-la-flute-lunkena-pale-burkina-faso","status":"publish","type":"product","link":"https:\/\/evebegalli.com\/en\/product\/statue-lobi-a-la-flute-lunkena-pale-burkina-faso\/","title":{"rendered":"Statue Lobi \u00e0 la flute, Lunkena Pale, Burkina Faso"},"content":{"rendered":"<p>&nbsp;<\/p>\n<p>&nbsp;<\/p>","protected":false},"excerpt":{"rendered":"<p>Grande statue Lobi repr\u00e9sentant un personnage masculin debout avec les jambes fl\u00e9chies et les bras pli\u00e9s, qui porte \u00e0 sa bouche une fl\u00fbte qu&rsquo;il serre entre ses mains. La remarquable ex\u00e9cution de cette \u0153uvre permet de proposer une attribution au sculpteur <em>Lunkena\u00a0 Pale (1911 &#8211; 1975)<\/em>, actif vers le milieu XXe si\u00e8cle et \u00e9l\u00e8ve du ma\u00eetre sculpteur <em>Sikire Kambire<\/em> <em>(1896 &#8211; 1963)<\/em>: les yeux marqu\u00e9s par des arcades en demi cercles, l&rsquo;ar\u00eate du nez fine et les narines larges, la bouche droite, les oreilles en forme de C. Belle patine d&rsquo;usage ancienne et incrust\u00e9e.<\/p>\n<p><strong>Origin<\/strong><br \/>\nEx private collection from the south of France.<\/p>","protected":false},"featured_media":18060,"template":"","meta":{"_exactmetrics_skip_tracking":false,"_exactmetrics_sitenote_active":false,"_exactmetrics_sitenote_note":"","_exactmetrics_sitenote_category":0,"neve_meta_sidebar":"","neve_meta_container":"","neve_meta_enable_content_width":"on","neve_meta_content_width":100,"neve_meta_title_alignment":"","neve_meta_author_avatar":"","neve_post_elements_order":"","neve_meta_disable_header":"","neve_meta_disable_footer":"","neve_meta_disable_title":"","_themeisle_gutenberg_block_has_review":false},"product_brand":[],"product_cat":[27],"product_tag":[],"class_list":{"0":"post-18064","1":"product","2":"type-product","3":"status-publish","4":"has-post-thumbnail","6":"product_cat-statues","7":"pa_dimensions-h-58-cm","8":"pa_epoque-ca-1950","9":"pa_ethnie-lobi","10":"pa_materiaux-bois-patine-sacrificielle","11":"pa_pays-burkina-faso","13":"first","14":"instock","15":"sold-individually","16":"taxable","17":"shipping-taxable","18":"purchasable","19":"product-type-simple","20":"add-to-wishlist-before_image"},"_links":{"self":[{"href":"https:\/\/evebegalli.com\/en\/wp-json\/wp\/v2\/product\/18064","targetHints":{"allow":["GET"]}}],"collection":[{"href":"https:\/\/evebegalli.com\/en\/wp-json\/wp\/v2\/product"}],"about":[{"href":"https:\/\/evebegalli.com\/en\/wp-json\/wp\/v2\/types\/product"}],"version-history":[{"count":1,"href":"https:\/\/evebegalli.com\/en\/wp-json\/wp\/v2\/product\/18064\/revisions"}],"predecessor-version":[{"id":18065,"href":"https:\/\/evebegalli.com\/en\/wp-json\/wp\/v2\/product\/18064\/revisions\/18065"}],"wp:featuredmedia":[{"embeddable":true,"href":"https:\/\/evebegalli.com\/en\/wp-json\/wp\/v2\/media\/18060"}],"wp:attachment":[{"href":"https:\/\/evebegalli.com\/en\/wp-json\/wp\/v2\/media?parent=18064"}],"wp:term":[{"taxonomy":"product_brand","embeddable":true,"href":"https:\/\/evebegalli.com\/en\/wp-json\/wp\/v2\/product_brand?post=18064"},{"taxonomy":"product_cat","embeddable":true,"href":"https:\/\/evebegalli.com\/en\/wp-json\/wp\/v2\/product_cat?post=18064"},{"taxonomy":"product_tag","embeddable":true,"href":"https:\/\/evebegalli.com\/en\/wp-json\/wp\/v2\/product_tag?post=18064"}],"curies":[{"name":"wp","href":"https:\/\/api.w.org\/{rel}","templated":true}]}}

Statue Lobi à la flute, Lunkena Pale, Burkina Faso

<p>Grande statue Lobi représentant un personnage masculin debout avec les jambes fléchies et les bras pliés, qui porte à sa bouche une flûte qu&rsquo;il serre entre ses mains. La remarquable exécution de cette œuvre permet de proposer une attribution au sculpteur <em>Lunkena  Pale (1911 &#8211; 1975)</em>, actif vers le milieu XXe siècle et élève du maître sculpteur <em>Sikire Kambire</em> <em>(1896 &#8211; 1963)</em>: les yeux marqués par des arcades en demi cercles, l&rsquo;arête du nez fine et les narines larges, la bouche droite, les oreilles en forme de C. Belle patine d&rsquo;usage ancienne et incrustée.</p>
<p><strong>Origin</strong><br />
Ex private collection from the south of France.</p>
