{"id":17532,"date":"2024-04-13T23:38:10","date_gmt":"2024-04-13T23:38:10","guid":{"rendered":"https:\/\/evebegalli.com\/?post_type=product&#038;p=17532"},"modified":"2024-04-14T11:59:48","modified_gmt":"2024-04-14T11:59:48","slug":"sculpture-gouro-maitre-de-bouafle-cote-divoire","status":"publish","type":"product","link":"https:\/\/evebegalli.com\/en\/product\/sculpture-gouro-maitre-de-bouafle-cote-divoire\/","title":{"rendered":"Sculpture Gouro Ma\u00eetre de Bouafl\u00e9, C\u00f4te d&rsquo;ivoire"},"content":{"rendered":"","protected":false},"excerpt":{"rendered":"<p>Magnifique et rare sculpture en terre cuite \u00e0 engobe noire repr\u00e9sentant une t\u00eate Gouro aux traits caract\u00e9ristiques du style du ma\u00eetre de Bouafl\u00e9. Les yeux fendus en forme de croissant, taill\u00e9s en oblique et surmont\u00e9s d\u2019un sourcil en relief, la ligne bomb\u00e9e du front se prolongeant dans le petit nez court et pointu au dessus d\u2019une fine bouche close esquissant un sourire. La coiffure soulign\u00e9 par des chevrons sur trois lignes. Belle patine de l&rsquo;\u00e9maillage d&rsquo;un noir profond. Quelques usures de l&#8217;email \u00e0 la base du cou et sur une oreille.<\/p>\n<p><strong>Origin<\/strong><br \/>\nEx private collection from the south of France.<\/p>","protected":false},"featured_media":17542,"template":"","meta":{"_exactmetrics_skip_tracking":false,"_exactmetrics_sitenote_active":false,"_exactmetrics_sitenote_note":"","_exactmetrics_sitenote_category":0,"neve_meta_sidebar":"","neve_meta_container":"","neve_meta_enable_content_width":"on","neve_meta_content_width":100,"neve_meta_title_alignment":"","neve_meta_author_avatar":"","neve_post_elements_order":"","neve_meta_disable_header":"","neve_meta_disable_footer":"","neve_meta_disable_title":"","_themeisle_gutenberg_block_has_review":false},"product_brand":[],"product_cat":[27],"product_tag":[],"class_list":{"0":"post-17532","1":"product","2":"type-product","3":"status-publish","4":"has-post-thumbnail","6":"product_cat-statues","7":"pa_dimensions-h-27-cm","8":"pa_epoque-premiere-moitie-xx-siecle","9":"pa_ethnie-gouro","10":"pa_materiaux-terre-cuite","11":"pa_pays-cote-divoire","13":"first","14":"instock","15":"sold-individually","16":"taxable","17":"shipping-taxable","18":"purchasable","19":"product-type-simple","20":"add-to-wishlist-before_image"},"_links":{"self":[{"href":"https:\/\/evebegalli.com\/en\/wp-json\/wp\/v2\/product\/17532","targetHints":{"allow":["GET"]}}],"collection":[{"href":"https:\/\/evebegalli.com\/en\/wp-json\/wp\/v2\/product"}],"about":[{"href":"https:\/\/evebegalli.com\/en\/wp-json\/wp\/v2\/types\/product"}],"version-history":[{"count":7,"href":"https:\/\/evebegalli.com\/en\/wp-json\/wp\/v2\/product\/17532\/revisions"}],"predecessor-version":[{"id":17549,"href":"https:\/\/evebegalli.com\/en\/wp-json\/wp\/v2\/product\/17532\/revisions\/17549"}],"wp:featuredmedia":[{"embeddable":true,"href":"https:\/\/evebegalli.com\/en\/wp-json\/wp\/v2\/media\/17542"}],"wp:attachment":[{"href":"https:\/\/evebegalli.com\/en\/wp-json\/wp\/v2\/media?parent=17532"}],"wp:term":[{"taxonomy":"product_brand","embeddable":true,"href":"https:\/\/evebegalli.com\/en\/wp-json\/wp\/v2\/product_brand?post=17532"},{"taxonomy":"product_cat","embeddable":true,"href":"https:\/\/evebegalli.com\/en\/wp-json\/wp\/v2\/product_cat?post=17532"},{"taxonomy":"product_tag","embeddable":true,"href":"https:\/\/evebegalli.com\/en\/wp-json\/wp\/v2\/product_tag?post=17532"}],"curies":[{"name":"wp","href":"https:\/\/api.w.org\/{rel}","templated":true}]}}

Sculpture Gouro Maître de Bouaflé, Côte d&rsquo;ivoire

<p>Magnifique et rare sculpture en terre cuite à engobe noire représentant une tête Gouro aux traits caractéristiques du style du maître de Bouaflé. Les yeux fendus en forme de croissant, taillés en oblique et surmontés d’un sourcil en relief, la ligne bombée du front se prolongeant dans le petit nez court et pointu au dessus d’une fine bouche close esquissant un sourire. La coiffure souligné par des chevrons sur trois lignes. Belle patine de l&rsquo;émaillage d&rsquo;un noir profond. Quelques usures de l&#8217;email à la base du cou et sur une oreille.</p>
<p><strong>Origin</strong><br />
Ex private collection from the south of France.</p>
