{"id":17481,"date":"2024-04-04T16:35:09","date_gmt":"2024-04-04T16:35:09","guid":{"rendered":"https:\/\/evebegalli.com\/?post_type=product&#038;p=17481"},"modified":"2024-04-04T22:52:41","modified_gmt":"2024-04-04T22:52:41","slug":"teke-yanzi-statue-republique-democratique-du-congo-2","status":"publish","type":"product","link":"https:\/\/evebegalli.com\/en\/product\/teke-yanzi-statue-republique-democratique-du-congo-2\/","title":{"rendered":"Teke\/Yanzi statue, R\u00e9publique D\u00e9mocratique du Congo"},"content":{"rendered":"","protected":false},"excerpt":{"rendered":"<p>Tr\u00e8s beau petit f\u00e9tiche le torse envelopp\u00e9 dans un tissus orange laissant apercevoir en dessous la cavit\u00e9 pour la charge magique et les bras repli\u00e9s. Sculpture d&rsquo;une grande expressivit\u00e9. Son beau visage caract\u00e9ris\u00e9 par des yeux pro\u00e9minents en forme de grain de caf\u00e9, est agr\u00e9ment\u00e9 de scarifications lin\u00e9aires caract\u00e9ristiques de l&rsquo;ethnie, d&rsquo;une barbiche et surmont\u00e9 d&rsquo;une jolie coiffe. Bois \u00e0 patine brillante brune\/miel.<\/p>\n<p><strong>Origin<\/strong><br \/>\nEx private collection from the south of France.<\/p>","protected":false},"featured_media":17496,"template":"","meta":{"_exactmetrics_skip_tracking":false,"_exactmetrics_sitenote_active":false,"_exactmetrics_sitenote_note":"","_exactmetrics_sitenote_category":0,"neve_meta_sidebar":"","neve_meta_container":"","neve_meta_enable_content_width":"on","neve_meta_content_width":100,"neve_meta_title_alignment":"","neve_meta_author_avatar":"","neve_post_elements_order":"","neve_meta_disable_header":"","neve_meta_disable_footer":"","neve_meta_disable_title":"","_themeisle_gutenberg_block_has_review":false},"product_brand":[],"product_cat":[27],"product_tag":[],"class_list":{"0":"post-17481","1":"product","2":"type-product","3":"status-publish","4":"has-post-thumbnail","6":"product_cat-statues","7":"pa_dimensions-h-16-cm","8":"pa_epoque-circa-1930","9":"pa_ethnie-yanzi","10":"pa_materiaux-bois","11":"pa_materiaux-fibres-vegetales-2","12":"pa_materiaux-tissus","13":"pa_pays-r-d-du-congo","15":"first","16":"instock","17":"sold-individually","18":"taxable","19":"shipping-taxable","20":"purchasable","21":"product-type-simple","22":"add-to-wishlist-before_image"},"_links":{"self":[{"href":"https:\/\/evebegalli.com\/en\/wp-json\/wp\/v2\/product\/17481","targetHints":{"allow":["GET"]}}],"collection":[{"href":"https:\/\/evebegalli.com\/en\/wp-json\/wp\/v2\/product"}],"about":[{"href":"https:\/\/evebegalli.com\/en\/wp-json\/wp\/v2\/types\/product"}],"version-history":[{"count":6,"href":"https:\/\/evebegalli.com\/en\/wp-json\/wp\/v2\/product\/17481\/revisions"}],"predecessor-version":[{"id":17502,"href":"https:\/\/evebegalli.com\/en\/wp-json\/wp\/v2\/product\/17481\/revisions\/17502"}],"wp:featuredmedia":[{"embeddable":true,"href":"https:\/\/evebegalli.com\/en\/wp-json\/wp\/v2\/media\/17496"}],"wp:attachment":[{"href":"https:\/\/evebegalli.com\/en\/wp-json\/wp\/v2\/media?parent=17481"}],"wp:term":[{"taxonomy":"product_brand","embeddable":true,"href":"https:\/\/evebegalli.com\/en\/wp-json\/wp\/v2\/product_brand?post=17481"},{"taxonomy":"product_cat","embeddable":true,"href":"https:\/\/evebegalli.com\/en\/wp-json\/wp\/v2\/product_cat?post=17481"},{"taxonomy":"product_tag","embeddable":true,"href":"https:\/\/evebegalli.com\/en\/wp-json\/wp\/v2\/product_tag?post=17481"}],"curies":[{"name":"wp","href":"https:\/\/api.w.org\/{rel}","templated":true}]}}

Teke/Yanzi statue, République Démocratique du Congo

<p>Très beau petit fétiche le torse enveloppé dans un tissus orange laissant apercevoir en dessous la cavité pour la charge magique et les bras repliés. Sculpture d&rsquo;une grande expressivité. Son beau visage caractérisé par des yeux proéminents en forme de grain de café, est agrémenté de scarifications linéaires caractéristiques de l&rsquo;ethnie, d&rsquo;une barbiche et surmonté d&rsquo;une jolie coiffe. Bois à patine brillante brune/miel.</p>
<p><strong>Origin</strong><br />
Ex private collection from the south of France.</p>
