{"id":17427,"date":"2024-04-01T21:18:48","date_gmt":"2024-04-01T21:18:48","guid":{"rendered":"https:\/\/evebegalli.com\/?post_type=product&#038;p=17427"},"modified":"2024-04-01T21:37:55","modified_gmt":"2024-04-01T21:37:55","slug":"teke-fetiche-republique-democratique-du-congo-3","status":"publish","type":"product","link":"https:\/\/evebegalli.com\/en\/product\/teke-fetiche-republique-democratique-du-congo-3\/","title":{"rendered":"Teke f\u00e9tiche, R\u00e9publique D\u00e9mocratique du Congo"},"content":{"rendered":"","protected":false},"excerpt":{"rendered":"<p class=\"descriptionLineWrap\">F\u00e9tiche pr\u00e9sentant un anc\u00eatre masculin debout, le buste emmaillot\u00e9 d&rsquo;un tissu natif dissimulant une charge magique, le \u00ab <em>bilongo<\/em> \u00bb contenant des mati\u00e8res aux vertus prophylactiques diverses. Sa t\u00eate au visage barbu finement scarifi\u00e9 est surmont\u00e9 d&rsquo;une coiffe typique de l&rsquo;ethnie. Bois dur \u00e0 patine miel et brun-rouge\u00e2tre brillante, restes d&rsquo;ancienne patine et marques d&rsquo;usage.<\/p>\n<p><strong>Origin<\/strong><br \/>\nEx private collection from the south of France.<\/p>","protected":false},"featured_media":17453,"template":"","meta":{"_exactmetrics_skip_tracking":false,"_exactmetrics_sitenote_active":false,"_exactmetrics_sitenote_note":"","_exactmetrics_sitenote_category":0,"neve_meta_sidebar":"","neve_meta_container":"","neve_meta_enable_content_width":"on","neve_meta_content_width":100,"neve_meta_title_alignment":"","neve_meta_author_avatar":"","neve_post_elements_order":"","neve_meta_disable_header":"","neve_meta_disable_footer":"","neve_meta_disable_title":"","_themeisle_gutenberg_block_has_review":false},"product_brand":[],"product_cat":[27],"product_tag":[],"class_list":{"0":"post-17427","1":"product","2":"type-product","3":"status-publish","4":"has-post-thumbnail","6":"product_cat-statues","7":"pa_dimensions-h-29-cm-2","8":"pa_epoque-premiere-moitie-xx-siecle","9":"pa_ethnie-teke","10":"pa_materiaux-bois","11":"pa_materiaux-cordes","12":"pa_materiaux-matiere-composite","13":"pa_materiaux-tissus","14":"pa_pays-r-d-du-congo","16":"first","17":"instock","18":"sold-individually","19":"taxable","20":"shipping-taxable","21":"purchasable","22":"product-type-simple","23":"add-to-wishlist-before_image"},"_links":{"self":[{"href":"https:\/\/evebegalli.com\/en\/wp-json\/wp\/v2\/product\/17427","targetHints":{"allow":["GET"]}}],"collection":[{"href":"https:\/\/evebegalli.com\/en\/wp-json\/wp\/v2\/product"}],"about":[{"href":"https:\/\/evebegalli.com\/en\/wp-json\/wp\/v2\/types\/product"}],"version-history":[{"count":2,"href":"https:\/\/evebegalli.com\/en\/wp-json\/wp\/v2\/product\/17427\/revisions"}],"predecessor-version":[{"id":17455,"href":"https:\/\/evebegalli.com\/en\/wp-json\/wp\/v2\/product\/17427\/revisions\/17455"}],"wp:featuredmedia":[{"embeddable":true,"href":"https:\/\/evebegalli.com\/en\/wp-json\/wp\/v2\/media\/17453"}],"wp:attachment":[{"href":"https:\/\/evebegalli.com\/en\/wp-json\/wp\/v2\/media?parent=17427"}],"wp:term":[{"taxonomy":"product_brand","embeddable":true,"href":"https:\/\/evebegalli.com\/en\/wp-json\/wp\/v2\/product_brand?post=17427"},{"taxonomy":"product_cat","embeddable":true,"href":"https:\/\/evebegalli.com\/en\/wp-json\/wp\/v2\/product_cat?post=17427"},{"taxonomy":"product_tag","embeddable":true,"href":"https:\/\/evebegalli.com\/en\/wp-json\/wp\/v2\/product_tag?post=17427"}],"curies":[{"name":"wp","href":"https:\/\/api.w.org\/{rel}","templated":true}]}}

Teke fétiche, République Démocratique du Congo

<p class="descriptionLineWrap">Fétiche présentant un ancêtre masculin debout, le buste emmailloté d&rsquo;un tissu natif dissimulant une charge magique, le « <em>bilongo</em> » contenant des matières aux vertus prophylactiques diverses. Sa tête au visage barbu finement scarifié est surmonté d&rsquo;une coiffe typique de l&rsquo;ethnie. Bois dur à patine miel et brun-rougeâtre brillante, restes d&rsquo;ancienne patine et marques d&rsquo;usage.</p>
<p><strong>Origin</strong><br />
Ex private collection from the south of France.</p>
