{"id":17359,"date":"2024-03-12T08:03:09","date_gmt":"2024-03-12T08:03:09","guid":{"rendered":"https:\/\/evebegalli.com\/?post_type=product&#038;p=17359"},"modified":"2024-03-17T23:00:53","modified_gmt":"2024-03-17T23:00:53","slug":"masque-we-guere-cote-divoire-2","status":"publish","type":"product","link":"https:\/\/evebegalli.com\/en\/product\/masque-we-guere-cote-divoire-2\/","title":{"rendered":"Masque W\u00e9\/Guere, C\u00f4te d&rsquo;Ivoire"},"content":{"rendered":"","protected":false},"excerpt":{"rendered":"<p>Impressionnant masque anthropo-zoomorphe du culte <em>Gla.<\/em> Le double regard constitu\u00e9 d&rsquo;une paire yeux tubulaires surmont\u00e9s par une paire d\u2019yeux fendue, la forte protub\u00e9rance du front, le nez large garni de d\u00e9fenses au-dessous des narines, la bouche grande ouverte et entour\u00e9e de clous tapissiers montrant les dents, font de cet exemplaire un beau t\u00e9moignage du type.<br \/>\nIl a conserv\u00e9 une partie de ses ornements d&rsquo;origine : une barbe \u00e9paisse en cheveux et fibres v\u00e9g\u00e9tales, du tissus sur le contour du masque.<br \/>\nIl a conserv\u00e9 \u00e9galement sa superbe patine polychrome faite de rouge, noir et jaune. La patine tant \u00e0 la surface du masque qu\u2019en son int\u00e9rieur est le t\u00e9moin d\u2019une belle anciennet\u00e9.<br \/>\nCe masque apparaissait lors des c\u00e9r\u00e9monies fun\u00e9raires, des conflits les plus importants d&rsquo;un village, ou \u00e0 l&rsquo;occasion des rencontres inter-villageoises.<\/p>\n<p><strong>Origin<\/strong><br \/>\nEx private collection from the south of France.<\/p>\n<p style=\"text-align: center;\">","protected":false},"featured_media":17377,"template":"","meta":{"_exactmetrics_skip_tracking":false,"_exactmetrics_sitenote_active":false,"_exactmetrics_sitenote_note":"","_exactmetrics_sitenote_category":0,"neve_meta_sidebar":"","neve_meta_container":"","neve_meta_enable_content_width":"on","neve_meta_content_width":100,"neve_meta_title_alignment":"","neve_meta_author_avatar":"","neve_post_elements_order":"","neve_meta_disable_header":"","neve_meta_disable_footer":"","neve_meta_disable_title":"","_themeisle_gutenberg_block_has_review":false},"product_brand":[],"product_cat":[26],"product_tag":[],"class_list":{"0":"post-17359","1":"product","2":"type-product","3":"status-publish","4":"has-post-thumbnail","6":"product_cat-masques","7":"pa_dimensions-h-28cm","8":"pa_epoque-premiere-moitie-xx-siecle","9":"pa_ethnie-guere","10":"pa_ethnie-we","11":"pa_materiaux-bois","12":"pa_materiaux-cheveux","13":"pa_materiaux-fibres-vegetales-2","14":"pa_materiaux-metal","15":"pa_materiaux-pigments","16":"pa_materiaux-tissus","17":"pa_pays-cote-divoire","19":"first","20":"instock","21":"sold-individually","22":"taxable","23":"shipping-taxable","24":"purchasable","25":"product-type-simple","26":"add-to-wishlist-before_image"},"_links":{"self":[{"href":"https:\/\/evebegalli.com\/en\/wp-json\/wp\/v2\/product\/17359","targetHints":{"allow":["GET"]}}],"collection":[{"href":"https:\/\/evebegalli.com\/en\/wp-json\/wp\/v2\/product"}],"about":[{"href":"https:\/\/evebegalli.com\/en\/wp-json\/wp\/v2\/types\/product"}],"version-history":[{"count":4,"href":"https:\/\/evebegalli.com\/en\/wp-json\/wp\/v2\/product\/17359\/revisions"}],"predecessor-version":[{"id":17381,"href":"https:\/\/evebegalli.com\/en\/wp-json\/wp\/v2\/product\/17359\/revisions\/17381"}],"wp:featuredmedia":[{"embeddable":true,"href":"https:\/\/evebegalli.com\/en\/wp-json\/wp\/v2\/media\/17377"}],"wp:attachment":[{"href":"https:\/\/evebegalli.com\/en\/wp-json\/wp\/v2\/media?parent=17359"}],"wp:term":[{"taxonomy":"product_brand","embeddable":true,"href":"https:\/\/evebegalli.com\/en\/wp-json\/wp\/v2\/product_brand?post=17359"},{"taxonomy":"product_cat","embeddable":true,"href":"https:\/\/evebegalli.com\/en\/wp-json\/wp\/v2\/product_cat?post=17359"},{"taxonomy":"product_tag","embeddable":true,"href":"https:\/\/evebegalli.com\/en\/wp-json\/wp\/v2\/product_tag?post=17359"}],"curies":[{"name":"wp","href":"https:\/\/api.w.org\/{rel}","templated":true}]}}

Masque Wé/Guere, Côte d&rsquo;Ivoire

<p>Impressionnant masque anthropo-zoomorphe du culte <em>Gla.</em> Le double regard constitué d&rsquo;une paire yeux tubulaires surmontés par une paire d’yeux fendue, la forte protubérance du front, le nez large garni de défenses au-dessous des narines, la bouche grande ouverte et entourée de clous tapissiers montrant les dents, font de cet exemplaire un beau témoignage du type.<br />
Il a conservé une partie de ses ornements d&rsquo;origine : une barbe épaisse en cheveux et fibres végétales, du tissus sur le contour du masque.<br />
Il a conservé également sa superbe patine polychrome faite de rouge, noir et jaune. La patine tant à la surface du masque qu’en son intérieur est le témoin d’une belle ancienneté.<br />
Ce masque apparaissait lors des cérémonies funéraires, des conflits les plus importants d&rsquo;un village, ou à l&rsquo;occasion des rencontres inter-villageoises.</p>
<p><strong>Origin</strong><br />
Ex private collection from the south of France.</p>
<p style="text-align: center;">
