{"id":17179,"date":"2024-02-25T23:15:13","date_gmt":"2024-02-25T23:15:13","guid":{"rendered":"https:\/\/evebegalli.com\/?post_type=product&#038;p=17179"},"modified":"2024-02-28T00:08:54","modified_gmt":"2024-02-28T00:08:54","slug":"masque-dan-cote-divoire-5","status":"publish","type":"product","link":"https:\/\/evebegalli.com\/en\/product\/masque-dan-cote-divoire-5\/","title":{"rendered":"Dan Mask, Ivory Coast"},"content":{"rendered":"","protected":false},"excerpt":{"rendered":"<p class=\"descriptionLineWrap\">Ancien masque <em>guny\u00e9 g\u00e9<\/em> dit \u00abde course\u00bb au visage pr\u00e9sentant une belle et douce expression, les arcades sourcili\u00e8res en relief surplombant deux cavit\u00e9s orbitales rondes et inscrivant le visage dans un c\u0153ur \u00e0 leur naissance, le nez fin triangulaire, la bouche aux l\u00e8vres charnues l\u00e9g\u00e8rement entrouverte surmontant un menton arrondi, l&rsquo;ensemble sublim\u00e9 par une patine brillante d&rsquo;un noir profond. Tr\u00e8s belle taille ancienne, traces de portage \u00e0 l&rsquo;arri\u00e8re. Trous de fixation de la coiffe sur le pourtour du masque.<br \/>\nLes Dan organisaient autrefois lors des f\u00eates villageoises des courses destin\u00e9es \u00e0 entra\u00eener les jeunes hommes au combat. Le coureur le plus rapide remportait un masque, qu&rsquo;il conservait jusqu&rsquo;\u00e0 \u00eatre d\u00e9tr\u00f4n\u00e9 par un concurrent plus agile, qui gagnait le masque \u00e0 son tour.<\/p>\n<p class=\"descriptionLineWrap\"><strong>Origin<\/strong><br \/>\nEx private collection from the south of France.<\/p>","protected":false},"featured_media":17191,"template":"","meta":{"_exactmetrics_skip_tracking":false,"_exactmetrics_sitenote_active":false,"_exactmetrics_sitenote_note":"","_exactmetrics_sitenote_category":0,"neve_meta_sidebar":"","neve_meta_container":"","neve_meta_enable_content_width":"on","neve_meta_content_width":100,"neve_meta_title_alignment":"","neve_meta_author_avatar":"","neve_post_elements_order":"","neve_meta_disable_header":"","neve_meta_disable_footer":"","neve_meta_disable_title":"","_themeisle_gutenberg_block_has_review":false},"product_brand":[],"product_cat":[26],"product_tag":[],"class_list":{"0":"post-17179","1":"product","2":"type-product","3":"status-publish","4":"has-post-thumbnail","6":"product_cat-masques","7":"pa_dimensions-h-23cm","8":"pa_epoque-debut-du-xxeme-siecle","9":"pa_ethnie-dan","10":"pa_materiaux-bois","11":"pa_pays-cote-divoire","13":"first","14":"instock","15":"sold-individually","16":"taxable","17":"shipping-taxable","18":"purchasable","19":"product-type-simple","20":"add-to-wishlist-before_image"},"_links":{"self":[{"href":"https:\/\/evebegalli.com\/en\/wp-json\/wp\/v2\/product\/17179","targetHints":{"allow":["GET"]}}],"collection":[{"href":"https:\/\/evebegalli.com\/en\/wp-json\/wp\/v2\/product"}],"about":[{"href":"https:\/\/evebegalli.com\/en\/wp-json\/wp\/v2\/types\/product"}],"version-history":[{"count":9,"href":"https:\/\/evebegalli.com\/en\/wp-json\/wp\/v2\/product\/17179\/revisions"}],"predecessor-version":[{"id":17204,"href":"https:\/\/evebegalli.com\/en\/wp-json\/wp\/v2\/product\/17179\/revisions\/17204"}],"wp:featuredmedia":[{"embeddable":true,"href":"https:\/\/evebegalli.com\/en\/wp-json\/wp\/v2\/media\/17191"}],"wp:attachment":[{"href":"https:\/\/evebegalli.com\/en\/wp-json\/wp\/v2\/media?parent=17179"}],"wp:term":[{"taxonomy":"product_brand","embeddable":true,"href":"https:\/\/evebegalli.com\/en\/wp-json\/wp\/v2\/product_brand?post=17179"},{"taxonomy":"product_cat","embeddable":true,"href":"https:\/\/evebegalli.com\/en\/wp-json\/wp\/v2\/product_cat?post=17179"},{"taxonomy":"product_tag","embeddable":true,"href":"https:\/\/evebegalli.com\/en\/wp-json\/wp\/v2\/product_tag?post=17179"}],"curies":[{"name":"wp","href":"https:\/\/api.w.org\/{rel}","templated":true}]}}

<p class="descriptionLineWrap">Ancien masque <em>gunyé gé</em> dit «de course» au visage présentant une belle et douce expression, les arcades sourcilières en relief surplombant deux cavités orbitales rondes et inscrivant le visage dans un cœur à leur naissance, le nez fin triangulaire, la bouche aux lèvres charnues légèrement entrouverte surmontant un menton arrondi, l&rsquo;ensemble sublimé par une patine brillante d&rsquo;un noir profond. Très belle taille ancienne, traces de portage à l&rsquo;arrière. Trous de fixation de la coiffe sur le pourtour du masque.<br />
Les Dan organisaient autrefois lors des fêtes villageoises des courses destinées à entraîner les jeunes hommes au combat. Le coureur le plus rapide remportait un masque, qu&rsquo;il conservait jusqu&rsquo;à être détrôné par un concurrent plus agile, qui gagnait le masque à son tour.</p>
<p class="descriptionLineWrap"><strong>Origin</strong><br />
Ex private collection from the south of France.</p>
