{"id":17091,"date":"2024-02-19T23:36:32","date_gmt":"2024-02-19T23:36:32","guid":{"rendered":"https:\/\/evebegalli.com\/?post_type=product&#038;p=17091"},"modified":"2024-03-03T14:35:08","modified_gmt":"2024-03-03T14:35:08","slug":"masque-dan-cote-divoire-4","status":"publish","type":"product","link":"https:\/\/evebegalli.com\/en\/product\/masque-dan-cote-divoire-4\/","title":{"rendered":"Dan Mask, Ivory Coast"},"content":{"rendered":"","protected":false},"excerpt":{"rendered":"<p>Beau masque figurant un visage ovale presque parfait, le front large et bomb\u00e9, les yeux ronds cercl\u00e9s de m\u00e9tal. La bouche aux l\u00e8vres pulpeuses et ourl\u00e9es est l\u00e9g\u00e8rement entrouverte, montrant des dents. Elle est surmont\u00e9e d&rsquo;un nez droit et fin. Sur le menton des restes de peau animal sont encore clou\u00e9s. Les traces de tissu rouge autour des yeux indiquent qu&rsquo;il s&rsquo;agit d&rsquo;un <i>zakpei ge \u00ab <\/i>masque gardien de feu \u00bb. De facture semblable aux masques de course, les masques de feu sont plus particuli\u00e8rement charg\u00e9s de veiller \u00e0 ce qu&rsquo;un incendie ne se d\u00e9clare dans le village, surveillant les feux domestiques. Le masque de feu peut aussi prendre la t\u00eate des op\u00e9rations lors d\u2019un incendie ou d\u2019un feu de brousse.<br \/>\nBelle patine profonde nuanc\u00e9e brune. Tr\u00e8s belle taille ancienne, la surface \u00e0 l&rsquo;arri\u00e8re est anim\u00e9e par les traces de l&rsquo;outil ayant servi \u00e0 le sculpter. Trous rectangulaires de fixation de la coiffe.<\/p>\n<p><strong>Origin<\/strong><br \/>\nEx private collection from the south of France.<\/p>","protected":false},"featured_media":17108,"template":"","meta":{"_exactmetrics_skip_tracking":false,"_exactmetrics_sitenote_active":false,"_exactmetrics_sitenote_note":"","_exactmetrics_sitenote_category":0,"neve_meta_sidebar":"","neve_meta_container":"","neve_meta_enable_content_width":"on","neve_meta_content_width":100,"neve_meta_title_alignment":"","neve_meta_author_avatar":"","neve_post_elements_order":"","neve_meta_disable_header":"","neve_meta_disable_footer":"","neve_meta_disable_title":"","_themeisle_gutenberg_block_has_review":false},"product_brand":[],"product_cat":[26],"product_tag":[],"class_list":{"0":"post-17091","1":"product","2":"type-product","3":"status-publish","4":"has-post-thumbnail","6":"product_cat-masques","7":"pa_dimensions-h-22-cm-2","8":"pa_epoque-circa-1930","9":"pa_ethnie-dan","10":"pa_materiaux-bois","11":"pa_materiaux-cuir-tissus-metal","12":"pa_pays-cote-divoire","14":"first","15":"instock","16":"sold-individually","17":"taxable","18":"shipping-taxable","19":"purchasable","20":"product-type-simple","21":"add-to-wishlist-before_image"},"_links":{"self":[{"href":"https:\/\/evebegalli.com\/en\/wp-json\/wp\/v2\/product\/17091","targetHints":{"allow":["GET"]}}],"collection":[{"href":"https:\/\/evebegalli.com\/en\/wp-json\/wp\/v2\/product"}],"about":[{"href":"https:\/\/evebegalli.com\/en\/wp-json\/wp\/v2\/types\/product"}],"version-history":[{"count":7,"href":"https:\/\/evebegalli.com\/en\/wp-json\/wp\/v2\/product\/17091\/revisions"}],"predecessor-version":[{"id":17199,"href":"https:\/\/evebegalli.com\/en\/wp-json\/wp\/v2\/product\/17091\/revisions\/17199"}],"wp:featuredmedia":[{"embeddable":true,"href":"https:\/\/evebegalli.com\/en\/wp-json\/wp\/v2\/media\/17108"}],"wp:attachment":[{"href":"https:\/\/evebegalli.com\/en\/wp-json\/wp\/v2\/media?parent=17091"}],"wp:term":[{"taxonomy":"product_brand","embeddable":true,"href":"https:\/\/evebegalli.com\/en\/wp-json\/wp\/v2\/product_brand?post=17091"},{"taxonomy":"product_cat","embeddable":true,"href":"https:\/\/evebegalli.com\/en\/wp-json\/wp\/v2\/product_cat?post=17091"},{"taxonomy":"product_tag","embeddable":true,"href":"https:\/\/evebegalli.com\/en\/wp-json\/wp\/v2\/product_tag?post=17091"}],"curies":[{"name":"wp","href":"https:\/\/api.w.org\/{rel}","templated":true}]}}

<p>Beau masque figurant un visage ovale presque parfait, le front large et bombé, les yeux ronds cerclés de métal. La bouche aux lèvres pulpeuses et ourlées est légèrement entrouverte, montrant des dents. Elle est surmontée d&rsquo;un nez droit et fin. Sur le menton des restes de peau animal sont encore cloués. Les traces de tissu rouge autour des yeux indiquent qu&rsquo;il s&rsquo;agit d&rsquo;un <i>zakpei ge « </i>masque gardien de feu ». De facture semblable aux masques de course, les masques de feu sont plus particulièrement chargés de veiller à ce qu&rsquo;un incendie ne se déclare dans le village, surveillant les feux domestiques. Le masque de feu peut aussi prendre la tête des opérations lors d’un incendie ou d’un feu de brousse.<br />
Belle patine profonde nuancée brune. Très belle taille ancienne, la surface à l&rsquo;arrière est animée par les traces de l&rsquo;outil ayant servi à le sculpter. Trous rectangulaires de fixation de la coiffe.</p>
<p><strong>Origin</strong><br />
Ex private collection from the south of France.</p>
