{"id":16464,"date":"2023-11-27T12:55:35","date_gmt":"2023-11-27T12:55:35","guid":{"rendered":"https:\/\/evebegalli.com\/?post_type=product&#038;p=16464"},"modified":"2023-11-27T13:27:23","modified_gmt":"2023-11-27T13:27:23","slug":"fon-fetiche-double-benin-2","status":"publish","type":"product","link":"https:\/\/evebegalli.com\/en\/product\/fon-fetiche-double-benin-2\/","title":{"rendered":"Double Fon fetish, Benin"},"content":{"rendered":"","protected":false},"excerpt":{"rendered":"<p>Couple de f\u00e9tiches Fon utilis\u00e9 dans le culte <a href=\"https:\/\/evebegalli.com\/en\/2020\/01\/07\/le-vodun\/\">voodoo<\/a>. Les deux personnages, masculin et f\u00e9minin sont \u00e9troitement li\u00e9s, entour\u00e9s de cordes et d&rsquo;objets magiques tel que cadenas et fers. Les personnages sont forts et expressifs, et malgr\u00e9 la petite taille l&rsquo;ensemble a beaucoup de pr\u00e9sence. Belle patine avec restes de sang s\u00e9ch\u00e9 par endroits, attestant d\u2019une longue utilisation rituelle. Un vrai f\u00e9tiche Vaudou ancien et authentique.<\/p>\n<p><strong>Origin<\/strong><br \/>\nEx private collection from the south of France.<\/p>","protected":false},"featured_media":16486,"template":"","meta":{"_exactmetrics_skip_tracking":false,"_exactmetrics_sitenote_active":false,"_exactmetrics_sitenote_note":"","_exactmetrics_sitenote_category":0,"neve_meta_sidebar":"","neve_meta_container":"","neve_meta_enable_content_width":"on","neve_meta_content_width":100,"neve_meta_title_alignment":"","neve_meta_author_avatar":"","neve_post_elements_order":"","neve_meta_disable_header":"","neve_meta_disable_footer":"","neve_meta_disable_title":"","_themeisle_gutenberg_block_has_review":false},"product_brand":[],"product_cat":[27],"product_tag":[],"class_list":{"0":"post-16464","1":"product","2":"type-product","3":"status-publish","4":"has-post-thumbnail","6":"product_cat-statues","7":"pa_dimensions-h-165-cm","8":"pa_epoque-premiere-moitie-du-xxeme-siecle","9":"pa_ethnie-fon","10":"pa_materiaux-bois-patine-sacrificielle","11":"pa_materiaux-cadenas-cordes","12":"pa_materiaux-cauris","13":"pa_materiaux-chaines","14":"pa_materiaux-fers","15":"pa_materiaux-pigments","16":"pa_pays-benin","18":"first","19":"instock","20":"sold-individually","21":"taxable","22":"shipping-taxable","23":"purchasable","24":"product-type-simple","25":"add-to-wishlist-before_image"},"_links":{"self":[{"href":"https:\/\/evebegalli.com\/en\/wp-json\/wp\/v2\/product\/16464","targetHints":{"allow":["GET"]}}],"collection":[{"href":"https:\/\/evebegalli.com\/en\/wp-json\/wp\/v2\/product"}],"about":[{"href":"https:\/\/evebegalli.com\/en\/wp-json\/wp\/v2\/types\/product"}],"version-history":[{"count":2,"href":"https:\/\/evebegalli.com\/en\/wp-json\/wp\/v2\/product\/16464\/revisions"}],"predecessor-version":[{"id":16488,"href":"https:\/\/evebegalli.com\/en\/wp-json\/wp\/v2\/product\/16464\/revisions\/16488"}],"wp:featuredmedia":[{"embeddable":true,"href":"https:\/\/evebegalli.com\/en\/wp-json\/wp\/v2\/media\/16486"}],"wp:attachment":[{"href":"https:\/\/evebegalli.com\/en\/wp-json\/wp\/v2\/media?parent=16464"}],"wp:term":[{"taxonomy":"product_brand","embeddable":true,"href":"https:\/\/evebegalli.com\/en\/wp-json\/wp\/v2\/product_brand?post=16464"},{"taxonomy":"product_cat","embeddable":true,"href":"https:\/\/evebegalli.com\/en\/wp-json\/wp\/v2\/product_cat?post=16464"},{"taxonomy":"product_tag","embeddable":true,"href":"https:\/\/evebegalli.com\/en\/wp-json\/wp\/v2\/product_tag?post=16464"}],"curies":[{"name":"wp","href":"https:\/\/api.w.org\/{rel}","templated":true}]}}

<p>Couple de fétiches Fon utilisé dans le culte <a href="https://evebegalli.com/en/2020/01/07/le-vodun/">voodoo</a>. Les deux personnages, masculin et féminin sont étroitement liés, entourés de cordes et d&rsquo;objets magiques tel que cadenas et fers. Les personnages sont forts et expressifs, et malgré la petite taille l&rsquo;ensemble a beaucoup de présence. Belle patine avec restes de sang séché par endroits, attestant d’une longue utilisation rituelle. Un vrai fétiche Vaudou ancien et authentique.</p>
<p><strong>Origin</strong><br />
Ex private collection from the south of France.</p>
