{"id":16019,"date":"2023-05-14T20:40:26","date_gmt":"2023-05-14T20:40:26","guid":{"rendered":"https:\/\/evebegalli.com\/?post_type=product&#038;p=16019"},"modified":"2023-05-14T23:33:58","modified_gmt":"2023-05-14T23:33:58","slug":"fon-piquet-bocio-benin","status":"publish","type":"product","link":"https:\/\/evebegalli.com\/en\/product\/fon-piquet-bocio-benin\/","title":{"rendered":"Fon piquet Bocio, Benin"},"content":{"rendered":"<p><a name=\"v255\"><\/a><br \/>\n<div class=\"epyt-video-wrapper\"><iframe  id=\"_ytid_77172\"  width=\"1200\" height=\"675\"  data-origwidth=\"1200\" data-origheight=\"675\" src=\"https:\/\/www.youtube.com\/embed\/jWq40LcnH4w?enablejsapi=1&autoplay=0&cc_load_policy=0&cc_lang_pref=&iv_load_policy=1&loop=0&rel=0&fs=1&playsinline=0&autohide=2&theme=dark&color=red&controls=1&disablekb=0&\" class=\"__youtube_prefs__  no-lazyload\" title=\"YouTube player\"  allow=\"fullscreen; accelerometer; autoplay; clipboard-write; encrypted-media; gyroscope; picture-in-picture; web-share\" referrerpolicy=\"strict-origin-when-cross-origin\" allowfullscreen data-no-lazy=\"1\" data-skipgform_ajax_framebjll=\"\"><\/iframe><\/div><\/p>","protected":false},"excerpt":{"rendered":"<p>Belle sculpture protectrice de la maison. Elle est plac\u00e9e dans la cour des maisons pour contrer tous esprits malveillant ou attaque magique. Un personnage f\u00e9minin aux traits minimalistes, le cr\u00e2ne lisse, les bras coll\u00e9s au corps, les mains sur l\u2019abdomen. Superbe patine naturelle ancienne, le bois pr\u00e9sentant une forte oxydation.<\/p>\n<p><strong>Origin<\/strong><br \/>\nEx private collection from the south of France.<\/p>\n<p style=\"text-align: center;\"><a class=\"maxbutton-1 maxbutton maxbutton-regardez-la-video\" href=\"#v255\"><span class='mb-text'>GO TO THE VIDEO<\/span><\/a><\/p>","protected":false},"featured_media":16041,"template":"","meta":{"_exactmetrics_skip_tracking":false,"_exactmetrics_sitenote_active":false,"_exactmetrics_sitenote_note":"","_exactmetrics_sitenote_category":0,"neve_meta_sidebar":"","neve_meta_container":"","neve_meta_enable_content_width":"on","neve_meta_content_width":100,"neve_meta_title_alignment":"","neve_meta_author_avatar":"","neve_post_elements_order":"","neve_meta_disable_header":"","neve_meta_disable_footer":"","neve_meta_disable_title":"","_themeisle_gutenberg_block_has_review":false},"product_brand":[],"product_cat":[27],"product_tag":[],"class_list":{"0":"post-16019","1":"product","2":"type-product","3":"status-publish","4":"has-post-thumbnail","6":"product_cat-statues","7":"pa_dimensions-h-35-cm","8":"pa_epoque-circa-1950","9":"pa_ethnie-fon","10":"pa_materiaux-bois","11":"pa_pays-benin","13":"first","14":"instock","15":"sold-individually","16":"taxable","17":"shipping-taxable","18":"purchasable","19":"product-type-simple","20":"add-to-wishlist-before_image"},"_links":{"self":[{"href":"https:\/\/evebegalli.com\/en\/wp-json\/wp\/v2\/product\/16019","targetHints":{"allow":["GET"]}}],"collection":[{"href":"https:\/\/evebegalli.com\/en\/wp-json\/wp\/v2\/product"}],"about":[{"href":"https:\/\/evebegalli.com\/en\/wp-json\/wp\/v2\/types\/product"}],"version-history":[{"count":5,"href":"https:\/\/evebegalli.com\/en\/wp-json\/wp\/v2\/product\/16019\/revisions"}],"predecessor-version":[{"id":16046,"href":"https:\/\/evebegalli.com\/en\/wp-json\/wp\/v2\/product\/16019\/revisions\/16046"}],"wp:featuredmedia":[{"embeddable":true,"href":"https:\/\/evebegalli.com\/en\/wp-json\/wp\/v2\/media\/16041"}],"wp:attachment":[{"href":"https:\/\/evebegalli.com\/en\/wp-json\/wp\/v2\/media?parent=16019"}],"wp:term":[{"taxonomy":"product_brand","embeddable":true,"href":"https:\/\/evebegalli.com\/en\/wp-json\/wp\/v2\/product_brand?post=16019"},{"taxonomy":"product_cat","embeddable":true,"href":"https:\/\/evebegalli.com\/en\/wp-json\/wp\/v2\/product_cat?post=16019"},{"taxonomy":"product_tag","embeddable":true,"href":"https:\/\/evebegalli.com\/en\/wp-json\/wp\/v2\/product_tag?post=16019"}],"curies":[{"name":"wp","href":"https:\/\/api.w.org\/{rel}","templated":true}]}}

<p>Belle sculpture protectrice de la maison. Elle est placée dans la cour des maisons pour contrer tous esprits malveillant ou attaque magique. Un personnage féminin aux traits minimalistes, le crâne lisse, les bras collés au corps, les mains sur l’abdomen. Superbe patine naturelle ancienne, le bois présentant une forte oxydation.</p>
<p><strong>Origin</strong><br />
Ex private collection from the south of France.</p>
<p style="text-align: center;"><a class="maxbutton-1 maxbutton maxbutton-regardez-la-video" href="#v255"><span class='mb-text'>GO TO THE VIDEO</span></a></p>
