{"id":15336,"date":"2023-01-21T11:13:33","date_gmt":"2023-01-21T11:13:33","guid":{"rendered":"https:\/\/evebegalli.com\/?post_type=product&#038;p=15336"},"modified":"2023-01-21T22:54:47","modified_gmt":"2023-01-21T22:54:47","slug":"statue-fon-en-fer-benin","status":"publish","type":"product","link":"https:\/\/evebegalli.com\/en\/product\/statue-fon-en-fer-benin\/","title":{"rendered":"Statue Fon en fer, B\u00e9nin"},"content":{"rendered":"<p><a name=\"v231\"><\/a><br \/>\n<div class=\"epyt-video-wrapper\"><iframe  id=\"_ytid_85055\"  width=\"1200\" height=\"675\"  data-origwidth=\"1200\" data-origheight=\"675\" src=\"https:\/\/www.youtube.com\/embed\/1ZLMafKih54?enablejsapi=1&autoplay=0&cc_load_policy=0&cc_lang_pref=&iv_load_policy=1&loop=0&rel=0&fs=1&playsinline=0&autohide=2&theme=dark&color=red&controls=1&disablekb=0&\" class=\"__youtube_prefs__  no-lazyload\" title=\"YouTube player\"  allow=\"fullscreen; accelerometer; autoplay; clipboard-write; encrypted-media; gyroscope; picture-in-picture; web-share\" referrerpolicy=\"strict-origin-when-cross-origin\" allowfullscreen data-no-lazy=\"1\" data-skipgform_ajax_framebjll=\"\"><\/iframe><\/div><\/p>","protected":false},"excerpt":{"rendered":"<p>Int\u00e9ressante sculpture en fer forg\u00e9 d\u00e9coup\u00e9 et assembl\u00e9 repr\u00e9sentant un personnage masculin au corps effil\u00e9 d\u00e9bout les mains jointes, une hache accroch\u00e9e \u00e0 sa taille. Visage expressif l\u00e9g\u00e8rement tourn\u00e9 vers la droite. Une tige descend \u00e0 partir de la t\u00eate le long du dos. Tr\u00e8s belle patine de grande anciennet\u00e9.<\/p>\n<p><strong>Origin<\/strong><br \/>\nEx private collection from the south of France.<\/p>\n<p style=\"text-align: center;\"><a class=\"maxbutton-1 maxbutton maxbutton-regardez-la-video\" href=\"#v231\"><span class='mb-text'>GO TO THE VIDEO<\/span><\/a><\/p>","protected":false},"featured_media":15354,"template":"","meta":{"_exactmetrics_skip_tracking":false,"_exactmetrics_sitenote_active":false,"_exactmetrics_sitenote_note":"","_exactmetrics_sitenote_category":0,"neve_meta_sidebar":"","neve_meta_container":"","neve_meta_enable_content_width":"on","neve_meta_content_width":100,"neve_meta_title_alignment":"","neve_meta_author_avatar":"","neve_post_elements_order":"","neve_meta_disable_header":"","neve_meta_disable_footer":"","neve_meta_disable_title":"","_themeisle_gutenberg_block_has_review":false},"product_brand":[],"product_cat":[27],"product_tag":[],"class_list":{"0":"post-15336","1":"product","2":"type-product","3":"status-publish","4":"has-post-thumbnail","6":"product_cat-statues","7":"pa_dimensions-h-35-cm","8":"pa_epoque-premiere-moitie-xx-siecle","9":"pa_ethnie-fon","10":"pa_materiaux-fer","11":"pa_pays-benin","13":"first","14":"instock","15":"sold-individually","16":"taxable","17":"shipping-taxable","18":"purchasable","19":"product-type-simple","20":"add-to-wishlist-before_image"},"_links":{"self":[{"href":"https:\/\/evebegalli.com\/en\/wp-json\/wp\/v2\/product\/15336","targetHints":{"allow":["GET"]}}],"collection":[{"href":"https:\/\/evebegalli.com\/en\/wp-json\/wp\/v2\/product"}],"about":[{"href":"https:\/\/evebegalli.com\/en\/wp-json\/wp\/v2\/types\/product"}],"version-history":[{"count":11,"href":"https:\/\/evebegalli.com\/en\/wp-json\/wp\/v2\/product\/15336\/revisions"}],"predecessor-version":[{"id":15359,"href":"https:\/\/evebegalli.com\/en\/wp-json\/wp\/v2\/product\/15336\/revisions\/15359"}],"wp:featuredmedia":[{"embeddable":true,"href":"https:\/\/evebegalli.com\/en\/wp-json\/wp\/v2\/media\/15354"}],"wp:attachment":[{"href":"https:\/\/evebegalli.com\/en\/wp-json\/wp\/v2\/media?parent=15336"}],"wp:term":[{"taxonomy":"product_brand","embeddable":true,"href":"https:\/\/evebegalli.com\/en\/wp-json\/wp\/v2\/product_brand?post=15336"},{"taxonomy":"product_cat","embeddable":true,"href":"https:\/\/evebegalli.com\/en\/wp-json\/wp\/v2\/product_cat?post=15336"},{"taxonomy":"product_tag","embeddable":true,"href":"https:\/\/evebegalli.com\/en\/wp-json\/wp\/v2\/product_tag?post=15336"}],"curies":[{"name":"wp","href":"https:\/\/api.w.org\/{rel}","templated":true}]}}

Statue Fon en fer, Bénin

<p>Intéressante sculpture en fer forgé découpé et assemblé représentant un personnage masculin au corps effilé débout les mains jointes, une hache accrochée à sa taille. Visage expressif légèrement tourné vers la droite. Une tige descend à partir de la tête le long du dos. Très belle patine de grande ancienneté.</p>
<p><strong>Origin</strong><br />
Ex private collection from the south of France.</p>
<p style="text-align: center;"><a class="maxbutton-1 maxbutton maxbutton-regardez-la-video" href="#v231"><span class='mb-text'>GO TO THE VIDEO</span></a></p>
