{"id":14555,"date":"2022-08-23T15:06:44","date_gmt":"2022-08-23T15:06:44","guid":{"rendered":"https:\/\/evebegalli.com\/?post_type=product&#038;p=14555"},"modified":"2022-08-23T18:51:53","modified_gmt":"2022-08-23T18:51:53","slug":"masque-dan-cote-divoire-2","status":"publish","type":"product","link":"https:\/\/evebegalli.com\/en\/product\/masque-dan-cote-divoire-2\/","title":{"rendered":"Dan Mask, Ivory Coast"},"content":{"rendered":"","protected":false},"excerpt":{"rendered":"<p>Beau masque Dan figurant un visage ovale \u00e0 la sommit\u00e9 pointue, le haut front soulign\u00e9 par une ar\u00eate centrale s&rsquo;achevant dans le model\u00e9 des sourcils qui donnent l&rsquo;effet d&rsquo;une paire d&rsquo;yeux en relief en dessous desquels des yeux d\u00e9finis par deux trous ronds, un nez droit, la bouche saillante elle aussi perc\u00e9e, les dents sculpt\u00e9es. Le pourtour du masque est travers\u00e9 par des incisions parall\u00e8les. Les yeux ronds d\u00e9gageant la vue du porteur indiquent qu&rsquo;il s&rsquo;agit probablement d&rsquo;un <i>gunye ge \u00ab\u00a0<\/i>running mask \"or a <i>zakpei ge \u00ab <\/i>masque gardien de feu \u00bb. Tr\u00e8s belle patine profonde nuanc\u00e9e brune miel. Tr\u00e8s belle surface \u00e0 l&rsquo;arri\u00e8re, anim\u00e9e par les traces de l&rsquo;outil ayant servi \u00e0 le sculpter.<\/p>\n<p><strong>Origin<\/strong><br \/>\nEx private collection from the south of France.<\/p>","protected":false},"featured_media":14566,"template":"","meta":{"_exactmetrics_skip_tracking":false,"_exactmetrics_sitenote_active":false,"_exactmetrics_sitenote_note":"","_exactmetrics_sitenote_category":0,"neve_meta_sidebar":"","neve_meta_container":"","neve_meta_enable_content_width":"on","neve_meta_content_width":100,"neve_meta_title_alignment":"","neve_meta_author_avatar":"","neve_post_elements_order":"","neve_meta_disable_header":"","neve_meta_disable_footer":"","neve_meta_disable_title":"","_themeisle_gutenberg_block_has_review":false},"product_brand":[],"product_cat":[26],"product_tag":[],"class_list":{"0":"post-14555","1":"product","2":"type-product","3":"status-publish","4":"has-post-thumbnail","6":"product_cat-masques","7":"pa_dimensions-h-28cm","8":"pa_epoque-circa-1950","9":"pa_ethnie-dan","10":"pa_materiaux-bois","11":"pa_pays-cote-divoire","13":"first","14":"instock","15":"sold-individually","16":"taxable","17":"shipping-taxable","18":"purchasable","19":"product-type-simple","20":"add-to-wishlist-before_image"},"_links":{"self":[{"href":"https:\/\/evebegalli.com\/en\/wp-json\/wp\/v2\/product\/14555","targetHints":{"allow":["GET"]}}],"collection":[{"href":"https:\/\/evebegalli.com\/en\/wp-json\/wp\/v2\/product"}],"about":[{"href":"https:\/\/evebegalli.com\/en\/wp-json\/wp\/v2\/types\/product"}],"version-history":[{"count":0,"href":"https:\/\/evebegalli.com\/en\/wp-json\/wp\/v2\/product\/14555\/revisions"}],"wp:featuredmedia":[{"embeddable":true,"href":"https:\/\/evebegalli.com\/en\/wp-json\/wp\/v2\/media\/14566"}],"wp:attachment":[{"href":"https:\/\/evebegalli.com\/en\/wp-json\/wp\/v2\/media?parent=14555"}],"wp:term":[{"taxonomy":"product_brand","embeddable":true,"href":"https:\/\/evebegalli.com\/en\/wp-json\/wp\/v2\/product_brand?post=14555"},{"taxonomy":"product_cat","embeddable":true,"href":"https:\/\/evebegalli.com\/en\/wp-json\/wp\/v2\/product_cat?post=14555"},{"taxonomy":"product_tag","embeddable":true,"href":"https:\/\/evebegalli.com\/en\/wp-json\/wp\/v2\/product_tag?post=14555"}],"curies":[{"name":"wp","href":"https:\/\/api.w.org\/{rel}","templated":true}]}}

<p>Beau masque Dan figurant un visage ovale à la sommité pointue, le haut front souligné par une arête centrale s&rsquo;achevant dans le modelé des sourcils qui donnent l&rsquo;effet d&rsquo;une paire d&rsquo;yeux en relief en dessous desquels des yeux définis par deux trous ronds, un nez droit, la bouche saillante elle aussi percée, les dents sculptées. Le pourtour du masque est traversé par des incisions parallèles. Les yeux ronds dégageant la vue du porteur indiquent qu&rsquo;il s&rsquo;agit probablement d&rsquo;un <i>gunye ge « </i>running mask "or a <i>zakpei ge « </i>masque gardien de feu ». Très belle patine profonde nuancée brune miel. Très belle surface à l&rsquo;arrière, animée par les traces de l&rsquo;outil ayant servi à le sculpter.</p>
<p><strong>Origin</strong><br />
Ex private collection from the south of France.</p>
