{"id":14512,"date":"2022-08-22T17:51:42","date_gmt":"2022-08-22T17:51:42","guid":{"rendered":"https:\/\/evebegalli.com\/?post_type=product&#038;p=14512"},"modified":"2022-08-22T20:36:03","modified_gmt":"2022-08-22T20:36:03","slug":"masque-guere-we-cote-divoire-2","status":"publish","type":"product","link":"https:\/\/evebegalli.com\/en\/product\/masque-guere-we-cote-divoire-2\/","title":{"rendered":"Masque Guere\/We, C\u00f4te d&rsquo;Ivoire"},"content":{"rendered":"","protected":false},"excerpt":{"rendered":"<p>Masque ancien de tr\u00e8s belle facture pr\u00e9sentant des traits expressionnistes exub\u00e9rants typiques de l&rsquo;art Guere. Le visage de forme ovale se construit autour d&rsquo;un large nez triangulaire sur une bouche ouverte montrant des dents et ourl\u00e9e de deux rang\u00e9es de clous, trois paires d&rsquo;yeux, l&rsquo;une constitu\u00e9 de projections tubulaires sous une paire de cornes et sous un front bomb\u00e9 et formant une visi\u00e8re, l&rsquo;autre de trous perc\u00e9s et la troisi\u00e8me en projections tubulaires plac\u00e9e sur les joues.\u00a0 Sur la bordure sont pr\u00e9sents les trous d&rsquo;attache du costume. A l&rsquo;arri\u00e8re du masque les traces d&rsquo;herminette sont bien visibles.<br \/>\nTr\u00e8s belle patine brune-rouge\u00e2tre d&rsquo;usage.<\/p>\n<p><strong>Origin<\/strong><br \/>\nEx private collection from the south of France.<\/p>","protected":false},"featured_media":14528,"template":"","meta":{"_exactmetrics_skip_tracking":false,"_exactmetrics_sitenote_active":false,"_exactmetrics_sitenote_note":"","_exactmetrics_sitenote_category":0,"neve_meta_sidebar":"","neve_meta_container":"","neve_meta_enable_content_width":"on","neve_meta_content_width":100,"neve_meta_title_alignment":"","neve_meta_author_avatar":"","neve_post_elements_order":"","neve_meta_disable_header":"","neve_meta_disable_footer":"","neve_meta_disable_title":"","_themeisle_gutenberg_block_has_review":false},"product_brand":[],"product_cat":[26],"product_tag":[],"class_list":{"0":"post-14512","1":"product","2":"type-product","3":"status-publish","4":"has-post-thumbnail","6":"product_cat-masques","7":"pa_dimensions-h-37-cm","8":"pa_epoque-premiere-moitie-xx-siecle","9":"pa_ethnie-guere","10":"pa_ethnie-we","11":"pa_materiaux-bois","12":"pa_materiaux-clous","13":"pa_materiaux-fer","14":"pa_materiaux-pigments","15":"pa_materiaux-tissus","16":"pa_pays-cote-divoire","18":"first","19":"instock","20":"sold-individually","21":"taxable","22":"shipping-taxable","23":"purchasable","24":"product-type-simple","25":"add-to-wishlist-before_image"},"_links":{"self":[{"href":"https:\/\/evebegalli.com\/en\/wp-json\/wp\/v2\/product\/14512","targetHints":{"allow":["GET"]}}],"collection":[{"href":"https:\/\/evebegalli.com\/en\/wp-json\/wp\/v2\/product"}],"about":[{"href":"https:\/\/evebegalli.com\/en\/wp-json\/wp\/v2\/types\/product"}],"version-history":[{"count":0,"href":"https:\/\/evebegalli.com\/en\/wp-json\/wp\/v2\/product\/14512\/revisions"}],"wp:featuredmedia":[{"embeddable":true,"href":"https:\/\/evebegalli.com\/en\/wp-json\/wp\/v2\/media\/14528"}],"wp:attachment":[{"href":"https:\/\/evebegalli.com\/en\/wp-json\/wp\/v2\/media?parent=14512"}],"wp:term":[{"taxonomy":"product_brand","embeddable":true,"href":"https:\/\/evebegalli.com\/en\/wp-json\/wp\/v2\/product_brand?post=14512"},{"taxonomy":"product_cat","embeddable":true,"href":"https:\/\/evebegalli.com\/en\/wp-json\/wp\/v2\/product_cat?post=14512"},{"taxonomy":"product_tag","embeddable":true,"href":"https:\/\/evebegalli.com\/en\/wp-json\/wp\/v2\/product_tag?post=14512"}],"curies":[{"name":"wp","href":"https:\/\/api.w.org\/{rel}","templated":true}]}}

Masque Guere/We, Côte d&rsquo;Ivoire

<p>Masque ancien de très belle facture présentant des traits expressionnistes exubérants typiques de l&rsquo;art Guere. Le visage de forme ovale se construit autour d&rsquo;un large nez triangulaire sur une bouche ouverte montrant des dents et ourlée de deux rangées de clous, trois paires d&rsquo;yeux, l&rsquo;une constitué de projections tubulaires sous une paire de cornes et sous un front bombé et formant une visière, l&rsquo;autre de trous percés et la troisième en projections tubulaires placée sur les joues.  Sur la bordure sont présents les trous d&rsquo;attache du costume. A l&rsquo;arrière du masque les traces d&rsquo;herminette sont bien visibles.<br />
Très belle patine brune-rougeâtre d&rsquo;usage.</p>
<p><strong>Origin</strong><br />
Ex private collection from the south of France.</p>
