{"id":14424,"date":"2022-08-17T13:49:48","date_gmt":"2022-08-17T13:49:48","guid":{"rendered":"https:\/\/evebegalli.com\/?post_type=product&#038;p=14424"},"modified":"2022-12-07T16:12:55","modified_gmt":"2022-12-07T16:12:55","slug":"statue-lobi-aux-yeux-clos-burkina-faso","status":"publish","type":"product","link":"https:\/\/evebegalli.com\/en\/product\/statue-lobi-aux-yeux-clos-burkina-faso\/","title":{"rendered":"Statue Lobi, le sculpteur des yeux en forme de disque, Burkina Faso"},"content":{"rendered":"","protected":false},"excerpt":{"rendered":"<p>Belle repr\u00e9sentation f\u00e9minine \u00e0 la sculpture expressive. On note l&rsquo;aspect int\u00e9rioris\u00e9 et l&rsquo;impression de s\u00e9r\u00e9nit\u00e9 du visage aux yeux en forme de disque, l\u2019\u00e9l\u00e9gance du corps soulign\u00e9e par les bras l\u00e9g\u00e8rement arqu\u00e9s vers l&rsquo;avant, le doux renflement du ventre contrebalanc\u00e9 par la saillie des fesses avant qu&rsquo;elles ne soient \u00e9rod\u00e9es, et le fl\u00e9chissement des jambes simplement esquiss\u00e9. Traces d&rsquo;\u00e9rosion \u00e0 l&rsquo;arri\u00e8re du cr\u00e2ne, les fesses et les pieds. Belle patine crouteuse.<br \/>\nLes d\u00e9tails de cette sculpture permettent de l\u2019assigner au \u00ab\u00a0sculpteur des yeux en forme de disque\u00a0\u00bb, r\u00e9pertori\u00e9 dans l\u2019ouvrage<em> Anonyme<\/em> <em>Schnitzer der Lobi<\/em> de Katsouros F. \/ Herkenhoff S<em>.<\/em> o\u00f9 l\u2019on peut voir 6 exemplaires (cfr. photos).<\/p>\n<p><strong>Origin<\/strong><br \/>\nEx private collection from the south of France.<\/p>","protected":false},"featured_media":14437,"template":"","meta":{"_exactmetrics_skip_tracking":false,"_exactmetrics_sitenote_active":false,"_exactmetrics_sitenote_note":"","_exactmetrics_sitenote_category":0,"neve_meta_sidebar":"","neve_meta_container":"","neve_meta_enable_content_width":"on","neve_meta_content_width":100,"neve_meta_title_alignment":"","neve_meta_author_avatar":"","neve_post_elements_order":"","neve_meta_disable_header":"","neve_meta_disable_footer":"","neve_meta_disable_title":"","_themeisle_gutenberg_block_has_review":false},"product_brand":[],"product_cat":[27],"product_tag":[],"class_list":{"0":"post-14424","1":"product","2":"type-product","3":"status-publish","4":"has-post-thumbnail","6":"product_cat-statues","7":"pa_dimensions-h-32-cm","8":"pa_epoque-premiere-moitie-xx-siecle","9":"pa_ethnie-lobi","10":"pa_materiaux-bois","11":"pa_pays-burkina-faso","13":"first","14":"outofstock","15":"sold-individually","16":"taxable","17":"shipping-taxable","18":"product-type-simple","19":"add-to-wishlist-before_image"},"_links":{"self":[{"href":"https:\/\/evebegalli.com\/en\/wp-json\/wp\/v2\/product\/14424","targetHints":{"allow":["GET"]}}],"collection":[{"href":"https:\/\/evebegalli.com\/en\/wp-json\/wp\/v2\/product"}],"about":[{"href":"https:\/\/evebegalli.com\/en\/wp-json\/wp\/v2\/types\/product"}],"version-history":[{"count":6,"href":"https:\/\/evebegalli.com\/en\/wp-json\/wp\/v2\/product\/14424\/revisions"}],"predecessor-version":[{"id":14715,"href":"https:\/\/evebegalli.com\/en\/wp-json\/wp\/v2\/product\/14424\/revisions\/14715"}],"wp:featuredmedia":[{"embeddable":true,"href":"https:\/\/evebegalli.com\/en\/wp-json\/wp\/v2\/media\/14437"}],"wp:attachment":[{"href":"https:\/\/evebegalli.com\/en\/wp-json\/wp\/v2\/media?parent=14424"}],"wp:term":[{"taxonomy":"product_brand","embeddable":true,"href":"https:\/\/evebegalli.com\/en\/wp-json\/wp\/v2\/product_brand?post=14424"},{"taxonomy":"product_cat","embeddable":true,"href":"https:\/\/evebegalli.com\/en\/wp-json\/wp\/v2\/product_cat?post=14424"},{"taxonomy":"product_tag","embeddable":true,"href":"https:\/\/evebegalli.com\/en\/wp-json\/wp\/v2\/product_tag?post=14424"}],"curies":[{"name":"wp","href":"https:\/\/api.w.org\/{rel}","templated":true}]}}

<p>Belle représentation féminine à la sculpture expressive. On note l&rsquo;aspect intériorisé et l&rsquo;impression de sérénité du visage aux yeux en forme de disque, l’élégance du corps soulignée par les bras légèrement arqués vers l&rsquo;avant, le doux renflement du ventre contrebalancé par la saillie des fesses avant qu&rsquo;elles ne soient érodées, et le fléchissement des jambes simplement esquissé. Traces d&rsquo;érosion à l&rsquo;arrière du crâne, les fesses et les pieds. Belle patine crouteuse.<br />
Les détails de cette sculpture permettent de l’assigner au « sculpteur des yeux en forme de disque », répertorié dans l’ouvrage<em> Anonyme</em> <em>Schnitzer der Lobi</em> de Katsouros F. / Herkenhoff S<em>.</em> où l’on peut voir 6 exemplaires (cfr. photos).</p>
<p><strong>Origin</strong><br />
Ex private collection from the south of France.</p>
