{"id":14261,"date":"2022-08-10T15:27:34","date_gmt":"2022-08-10T15:27:34","guid":{"rendered":"https:\/\/evebegalli.com\/?post_type=product&#038;p=14261"},"modified":"2022-08-22T09:32:11","modified_gmt":"2022-08-22T09:32:11","slug":"masque-guere-we-cote-divoire","status":"publish","type":"product","link":"https:\/\/evebegalli.com\/en\/product\/masque-guere-we-cote-divoire\/","title":{"rendered":"Masque Guere\/We, C\u00f4te d&rsquo;Ivoire"},"content":{"rendered":"","protected":false},"excerpt":{"rendered":"<p>Masque ancien de tr\u00e8s belle facture pr\u00e9sentant des traits expressionnistes exub\u00e9rants typiques de l&rsquo;art Guere. Le visage de forme ovale se construit autour d&rsquo;un large nez triangulaire sur une bouche ouverte montrant la langue, deux paires d&rsquo;yeux, l&rsquo;une constitu\u00e9 de fentes rectangulaires perc\u00e9es entre une paire de cornes et sous un front bomb\u00e9 et formant une visi\u00e8re, l&rsquo;autre plac\u00e9e sur les joues, constitu\u00e9e de projections tubulaires. L&rsquo;alternance des vides et des pleins conf\u00e8re \u00e0 l&rsquo;objet un rythme dans l&rsquo;espace, accentu\u00e9 par la polychromie. Des pigments de rouge viennent orner en un ample bandeau la partie m\u00e9diane et les cornes, tandis que des pigments blancs rehaussent le regard formant un loup autour des yeux. Du bleu sur la l\u00e8vre sup\u00e9rieure et sur le front. Sur la bordure sont pr\u00e9sents les trous d&rsquo;attache du costume. A l&rsquo;arri\u00e8re du masque les traces d&rsquo;herminette sont bien visibles.<br \/>\nTr\u00e8s belle patine brun-noir d&rsquo;usage glac\u00e9e sur un bois dur pour les parties non pigment\u00e9es.<\/p>\n<p><strong>Origin<\/strong><br \/>\nEx private collection from the south of France.<\/p>","protected":false},"featured_media":14279,"template":"","meta":{"_exactmetrics_skip_tracking":false,"_exactmetrics_sitenote_active":false,"_exactmetrics_sitenote_note":"","_exactmetrics_sitenote_category":0,"neve_meta_sidebar":"","neve_meta_container":"","neve_meta_enable_content_width":"on","neve_meta_content_width":100,"neve_meta_title_alignment":"","neve_meta_author_avatar":"","neve_post_elements_order":"","neve_meta_disable_header":"","neve_meta_disable_footer":"","neve_meta_disable_title":"","_themeisle_gutenberg_block_has_review":false},"product_brand":[],"product_cat":[26],"product_tag":[],"class_list":{"0":"post-14261","1":"product","2":"type-product","3":"status-publish","4":"has-post-thumbnail","6":"product_cat-masques","7":"pa_dimensions-h-32-cm","8":"pa_epoque-premiere-moitie-xx-siecle","9":"pa_ethnie-guere","10":"pa_ethnie-we","11":"pa_materiaux-bois","12":"pa_materiaux-clous","13":"pa_materiaux-cuir","14":"pa_materiaux-pigments","16":"first","17":"instock","18":"sold-individually","19":"taxable","20":"shipping-taxable","21":"purchasable","22":"product-type-simple","23":"add-to-wishlist-before_image"},"_links":{"self":[{"href":"https:\/\/evebegalli.com\/en\/wp-json\/wp\/v2\/product\/14261","targetHints":{"allow":["GET"]}}],"collection":[{"href":"https:\/\/evebegalli.com\/en\/wp-json\/wp\/v2\/product"}],"about":[{"href":"https:\/\/evebegalli.com\/en\/wp-json\/wp\/v2\/types\/product"}],"version-history":[{"count":0,"href":"https:\/\/evebegalli.com\/en\/wp-json\/wp\/v2\/product\/14261\/revisions"}],"wp:featuredmedia":[{"embeddable":true,"href":"https:\/\/evebegalli.com\/en\/wp-json\/wp\/v2\/media\/14279"}],"wp:attachment":[{"href":"https:\/\/evebegalli.com\/en\/wp-json\/wp\/v2\/media?parent=14261"}],"wp:term":[{"taxonomy":"product_brand","embeddable":true,"href":"https:\/\/evebegalli.com\/en\/wp-json\/wp\/v2\/product_brand?post=14261"},{"taxonomy":"product_cat","embeddable":true,"href":"https:\/\/evebegalli.com\/en\/wp-json\/wp\/v2\/product_cat?post=14261"},{"taxonomy":"product_tag","embeddable":true,"href":"https:\/\/evebegalli.com\/en\/wp-json\/wp\/v2\/product_tag?post=14261"}],"curies":[{"name":"wp","href":"https:\/\/api.w.org\/{rel}","templated":true}]}}

Masque Guere/We, Côte d&rsquo;Ivoire

<p>Masque ancien de très belle facture présentant des traits expressionnistes exubérants typiques de l&rsquo;art Guere. Le visage de forme ovale se construit autour d&rsquo;un large nez triangulaire sur une bouche ouverte montrant la langue, deux paires d&rsquo;yeux, l&rsquo;une constitué de fentes rectangulaires percées entre une paire de cornes et sous un front bombé et formant une visière, l&rsquo;autre placée sur les joues, constituée de projections tubulaires. L&rsquo;alternance des vides et des pleins confère à l&rsquo;objet un rythme dans l&rsquo;espace, accentué par la polychromie. Des pigments de rouge viennent orner en un ample bandeau la partie médiane et les cornes, tandis que des pigments blancs rehaussent le regard formant un loup autour des yeux. Du bleu sur la lèvre supérieure et sur le front. Sur la bordure sont présents les trous d&rsquo;attache du costume. A l&rsquo;arrière du masque les traces d&rsquo;herminette sont bien visibles.<br />
Très belle patine brun-noir d&rsquo;usage glacée sur un bois dur pour les parties non pigmentées.</p>
<p><strong>Origin</strong><br />
Ex private collection from the south of France.</p>
