{"id":13654,"date":"2022-04-09T21:06:15","date_gmt":"2022-04-09T21:06:15","guid":{"rendered":"https:\/\/evebegalli.com\/?post_type=product&#038;p=13654"},"modified":"2022-04-09T21:23:09","modified_gmt":"2022-04-09T21:23:09","slug":"masque-coq-mossi-burkina-faso","status":"publish","type":"product","link":"https:\/\/evebegalli.com\/en\/product\/masque-coq-mossi-burkina-faso\/","title":{"rendered":"Masque coq Mossi, Burkina Faso"},"content":{"rendered":"","protected":false},"excerpt":{"rendered":"<p>Ancien masque heaume zoomorphe en bois polychrome, repr\u00e9sentant un coq \u00e0 long bec et cr\u00eate dentel\u00e9e. La trichromie traditionnelle rouge pour le sang et la vie &#8211; blanc pour les esprits &#8211; noir pour la terre, \u00e0 l\u2019ocre, kaolin et extrait de graines d\u2019acacia forme un beau d\u00e9cor g\u00e9om\u00e9trique et active symboliquement la puissance du masque, tout en accentuant son aspect surnaturel. L&rsquo;ensemble pr\u00e9sente une grande finesse de travail et une tr\u00e8s belle patine d&rsquo;usage. A signaler des manques sur les cot\u00e9s du masque.<br \/>\nCes masques servaient lors des c\u00e9r\u00e9monies de circoncision et de fun\u00e9railles, la partie interne de ces masques servait aussi de coupe \u00e0 libation pour des mets \u00e0 base d&rsquo;arachide pour prot\u00e9ger les r\u00e9coltes ou de la bi\u00e8re de mil dans le cas d&rsquo;une f\u00eate en l&rsquo;honneur des anc\u00eatres.<\/p>\n<p><strong>Origin<\/strong><br \/>\nEx private collection from the south of France.<\/p>","protected":false},"featured_media":13676,"template":"","meta":{"_exactmetrics_skip_tracking":false,"_exactmetrics_sitenote_active":false,"_exactmetrics_sitenote_note":"","_exactmetrics_sitenote_category":0,"neve_meta_sidebar":"","neve_meta_container":"","neve_meta_enable_content_width":"on","neve_meta_content_width":100,"neve_meta_title_alignment":"","neve_meta_author_avatar":"","neve_post_elements_order":"","neve_meta_disable_header":"","neve_meta_disable_footer":"","neve_meta_disable_title":"","_themeisle_gutenberg_block_has_review":false},"product_brand":[],"product_cat":[26],"product_tag":[],"class_list":{"0":"post-13654","1":"product","2":"type-product","3":"status-publish","4":"has-post-thumbnail","6":"product_cat-masques","7":"pa_dimensions-l-39-cm-x-l-24-cm-x-h-22-cm","8":"pa_epoque-debut-du-xxeme-siecle","9":"pa_ethnie-mossi","10":"pa_materiaux-bois-pigments","11":"pa_pays-burkina-faso","13":"first","14":"instock","15":"sold-individually","16":"taxable","17":"shipping-taxable","18":"purchasable","19":"product-type-simple","20":"add-to-wishlist-before_image"},"_links":{"self":[{"href":"https:\/\/evebegalli.com\/en\/wp-json\/wp\/v2\/product\/13654","targetHints":{"allow":["GET"]}}],"collection":[{"href":"https:\/\/evebegalli.com\/en\/wp-json\/wp\/v2\/product"}],"about":[{"href":"https:\/\/evebegalli.com\/en\/wp-json\/wp\/v2\/types\/product"}],"version-history":[{"count":0,"href":"https:\/\/evebegalli.com\/en\/wp-json\/wp\/v2\/product\/13654\/revisions"}],"wp:featuredmedia":[{"embeddable":true,"href":"https:\/\/evebegalli.com\/en\/wp-json\/wp\/v2\/media\/13676"}],"wp:attachment":[{"href":"https:\/\/evebegalli.com\/en\/wp-json\/wp\/v2\/media?parent=13654"}],"wp:term":[{"taxonomy":"product_brand","embeddable":true,"href":"https:\/\/evebegalli.com\/en\/wp-json\/wp\/v2\/product_brand?post=13654"},{"taxonomy":"product_cat","embeddable":true,"href":"https:\/\/evebegalli.com\/en\/wp-json\/wp\/v2\/product_cat?post=13654"},{"taxonomy":"product_tag","embeddable":true,"href":"https:\/\/evebegalli.com\/en\/wp-json\/wp\/v2\/product_tag?post=13654"}],"curies":[{"name":"wp","href":"https:\/\/api.w.org\/{rel}","templated":true}]}}

<p>Ancien masque heaume zoomorphe en bois polychrome, représentant un coq à long bec et crête dentelée. La trichromie traditionnelle rouge pour le sang et la vie &#8211; blanc pour les esprits &#8211; noir pour la terre, à l’ocre, kaolin et extrait de graines d’acacia forme un beau décor géométrique et active symboliquement la puissance du masque, tout en accentuant son aspect surnaturel. L&rsquo;ensemble présente une grande finesse de travail et une très belle patine d&rsquo;usage. A signaler des manques sur les cotés du masque.<br />
Ces masques servaient lors des cérémonies de circoncision et de funérailles, la partie interne de ces masques servait aussi de coupe à libation pour des mets à base d&rsquo;arachide pour protéger les récoltes ou de la bière de mil dans le cas d&rsquo;une fête en l&rsquo;honneur des ancêtres.</p>
<p><strong>Origin</strong><br />
Ex private collection from the south of France.</p>
