{"id":13356,"date":"2022-03-20T18:04:12","date_gmt":"2022-03-20T18:04:12","guid":{"rendered":"https:\/\/evebegalli.com\/?post_type=product&#038;p=13356"},"modified":"2022-03-20T18:07:43","modified_gmt":"2022-03-20T18:07:43","slug":"adja-grand-fetiche-benin","status":"publish","type":"product","link":"https:\/\/evebegalli.com\/en\/product\/adja-grand-fetiche-benin\/","title":{"rendered":"Adja grand f\u00e9tiche, B\u00e9nin"},"content":{"rendered":"","protected":false},"excerpt":{"rendered":"<p>Inqui\u00e9tant f\u00e9tiche de culte Vaudou. Beaucoup de pr\u00e9sence pour ce f\u00e9tiche des plus \u00e9nigmatiques. Son visage \u00e0 moiti\u00e9 cach\u00e9 par des tissus et une cro\u00fbte d&rsquo;offrandes renforce son aura. On peut identifier sa puissance \u00e0 partir de certains attributs, dans ce cas il est entour\u00e9 de tissus autour du corps qui retiennent des fers comme le tige ondulante qui repr\u00e9sente Dan ou Dangb\u00e9, le vaudou-serpent et la haches biface, le vodun de la foudre Hevieso.\u00a0 Il porte les couleurs du Vaudou, rouge, noir et blanc. L&rsquo;ensemble est parfaitement compos\u00e9. Le bois est abim\u00e9 par les termites mais tout \u00e0 fait solide. Un objet ancien et authentique de culte Vaudou.<\/p>\n<p><strong>Origin<\/strong><br \/>\nEx Galerie L\u2019Atelier \u2013 Charles Montano \u2013 Toulouse<br \/>\nEx collection particuli\u00e8re Pays-Bas<br \/>\nCollection Eve Begalli, Grenoble<\/p>","protected":false},"featured_media":13367,"template":"","meta":{"_exactmetrics_skip_tracking":false,"_exactmetrics_sitenote_active":false,"_exactmetrics_sitenote_note":"","_exactmetrics_sitenote_category":0,"neve_meta_sidebar":"","neve_meta_container":"","neve_meta_enable_content_width":"on","neve_meta_content_width":100,"neve_meta_title_alignment":"","neve_meta_author_avatar":"","neve_post_elements_order":"","neve_meta_disable_header":"","neve_meta_disable_footer":"","neve_meta_disable_title":"","_themeisle_gutenberg_block_has_review":false},"product_brand":[],"product_cat":[27],"product_tag":[],"class_list":{"0":"post-13356","1":"product","2":"type-product","3":"status-publish","4":"has-post-thumbnail","6":"product_cat-statues","7":"pa_dimensions-h-435-cm","8":"pa_epoque-circa-1930","9":"pa_ethnie-adja","10":"pa_materiaux-bois","11":"pa_materiaux-fer","12":"pa_materiaux-kaolin","13":"pa_materiaux-patine-sacrificielle","14":"pa_materiaux-tissus","15":"pa_pays-benin","17":"first","18":"instock","19":"sold-individually","20":"taxable","21":"shipping-taxable","22":"purchasable","23":"product-type-simple","24":"add-to-wishlist-before_image"},"_links":{"self":[{"href":"https:\/\/evebegalli.com\/en\/wp-json\/wp\/v2\/product\/13356","targetHints":{"allow":["GET"]}}],"collection":[{"href":"https:\/\/evebegalli.com\/en\/wp-json\/wp\/v2\/product"}],"about":[{"href":"https:\/\/evebegalli.com\/en\/wp-json\/wp\/v2\/types\/product"}],"version-history":[{"count":0,"href":"https:\/\/evebegalli.com\/en\/wp-json\/wp\/v2\/product\/13356\/revisions"}],"wp:featuredmedia":[{"embeddable":true,"href":"https:\/\/evebegalli.com\/en\/wp-json\/wp\/v2\/media\/13367"}],"wp:attachment":[{"href":"https:\/\/evebegalli.com\/en\/wp-json\/wp\/v2\/media?parent=13356"}],"wp:term":[{"taxonomy":"product_brand","embeddable":true,"href":"https:\/\/evebegalli.com\/en\/wp-json\/wp\/v2\/product_brand?post=13356"},{"taxonomy":"product_cat","embeddable":true,"href":"https:\/\/evebegalli.com\/en\/wp-json\/wp\/v2\/product_cat?post=13356"},{"taxonomy":"product_tag","embeddable":true,"href":"https:\/\/evebegalli.com\/en\/wp-json\/wp\/v2\/product_tag?post=13356"}],"curies":[{"name":"wp","href":"https:\/\/api.w.org\/{rel}","templated":true}]}}

Adja grand fétiche, Bénin

<p>Inquiétant fétiche de culte Vaudou. Beaucoup de présence pour ce fétiche des plus énigmatiques. Son visage à moitié caché par des tissus et une croûte d&rsquo;offrandes renforce son aura. On peut identifier sa puissance à partir de certains attributs, dans ce cas il est entouré de tissus autour du corps qui retiennent des fers comme le tige ondulante qui représente Dan ou Dangbé, le vaudou-serpent et la haches biface, le vodun de la foudre Hevieso.  Il porte les couleurs du Vaudou, rouge, noir et blanc. L&rsquo;ensemble est parfaitement composé. Le bois est abimé par les termites mais tout à fait solide. Un objet ancien et authentique de culte Vaudou.</p>
<p><strong>Origin</strong><br />
Ex Galerie L’Atelier – Charles Montano – Toulouse<br />
Ex collection particulière Pays-Bas<br />
Collection Eve Begalli, Grenoble</p>
