{"id":10676,"date":"2021-03-22T19:57:54","date_gmt":"2021-03-22T19:57:54","guid":{"rendered":"https:\/\/evebegalli.com\/?post_type=product&#038;p=10676"},"modified":"2021-03-24T16:34:05","modified_gmt":"2021-03-24T16:34:05","slug":"cavalier-dogon-mali-3","status":"publish","type":"product","link":"https:\/\/evebegalli.com\/en\/product\/cavalier-dogon-mali-3\/","title":{"rendered":"Cavalier Dogon, Mali"},"content":{"rendered":"<p><a name=\"v144\"><\/a><br \/>\n<div class=\"epyt-video-wrapper\"><iframe  id=\"_ytid_90930\"  width=\"1200\" height=\"675\"  data-origwidth=\"1200\" data-origheight=\"675\" src=\"https:\/\/www.youtube.com\/embed\/azrEv_PGUr8?enablejsapi=1&autoplay=0&cc_load_policy=0&cc_lang_pref=&iv_load_policy=1&loop=0&rel=0&fs=1&playsinline=0&autohide=2&theme=dark&color=red&controls=1&disablekb=0&\" class=\"__youtube_prefs__  no-lazyload\" title=\"YouTube player\"  allow=\"fullscreen; accelerometer; autoplay; clipboard-write; encrypted-media; gyroscope; picture-in-picture; web-share\" referrerpolicy=\"strict-origin-when-cross-origin\" allowfullscreen data-no-lazy=\"1\" data-skipgform_ajax_framebjll=\"\"><\/iframe><\/div><\/p>\n<p><a name=\"c144\"><\/a><br \/>\n<div class=\"_df_book df-lite\" id=\"df_10704\"  _slug=\"catalogue-144-cavalier-dogon-mali\" data-title=\"catalogue-144-cavalier-dogon-mali\" wpoptions=\"true\" thumbtype=\"\" ><\/div><script class=\"df-shortcode-script\" nowprocket type=\"application\/javascript\">window.option_df_10704 = {\"outline\":[],\"autoEnableOutline\":\"false\",\"autoEnableThumbnail\":\"false\",\"overwritePDFOutline\":\"false\",\"direction\":\"1\",\"pageSize\":\"0\",\"source\":\"https:\\\/\\\/evebegalli.com\\\/wp-content\\\/uploads\\\/2021\\\/03\\\/Cover-Cat-Flip-144.pdf\",\"wpOptions\":\"true\"}; if(window.DFLIP && window.DFLIP.parseBooks){window.DFLIP.parseBooks();}<\/script><\/p>","protected":false},"excerpt":{"rendered":"<p>La sculpture de ce cavalier est caract\u00e9ris\u00e9e par certaines constantes de la statuaire Dogon telles que la verticalit\u00e9 et la stylisation.<br \/>\nLe cavalier porte les insignes qui correspondent \u00e0 son origine et \u00e0 son statut : ornements, barbe, et coiffure. La barbe en collier caract\u00e9ristique des sages Dogon, h\u00e9rit\u00e9e de leurs pr\u00e9d\u00e9cesseurs les Tellem dans la r\u00e9gion de Bandiagara. Il tient les r\u00eanes, celles-ci fix\u00e9es au museau de l&rsquo;animal par une bride tress\u00e9e. Une lance \u00e9tait tenue autrefois par le cavalier.<br \/>\nCette pi\u00e8ce est exceptionnelle par sa taille.\u00a0 C&rsquo;\u00e9tait un objet rituel de comm\u00e9moration des anc\u00eatres poss\u00e9d\u00e9 par un homme pour faire preuve de sa richesse et d&rsquo;\u00eatre pr\u00e9serv\u00e9 par les dieux.<br \/>\nLa sculpture pr\u00e9sente une patine s\u00e8che, couverte par endroits d&rsquo;une patine noire rentr\u00e9e dans le bois, qui t\u00e9moigne d&rsquo;une manipulation r\u00e9p\u00e9t\u00e9e.<\/p>\n<p style=\"text-align: center;\"><a href=\"#v144\">GO TO THE VIDEO<\/a>\u00a0 \u00a0 \u00a0 \u00a0 \u00a0 <a href=\"#c144\">GO TO THE CATALOG<\/a><\/p>\n<p><strong>Origin<\/strong><br \/>\nCollected in situ in 1950 by Gabriel Sala<br \/>\nEx Collection Safari Museum, ca. 1980 Montverdun<br \/>\nEx Collection Marc Cohen, Saint-Rapha\u00ebl, acquired in 2011<br \/>\nEve Begalli collection, Grenoble, acquired in 2015<\/p>\n<div>\n<p><a href=\"https:\/\/www.pressreader.com\/monaco\/monaco-matin\/20161028\/281779923672562\">https:\/\/www.pressreader.com\/monaco\/monaco-matin\/20161028\/281779923672562<\/a><\/p>\n<\/div>","protected":false},"featured_media":10708,"template":"","meta":{"_exactmetrics_skip_tracking":false,"_exactmetrics_sitenote_active":false,"_exactmetrics_sitenote_note":"","_exactmetrics_sitenote_category":0,"neve_meta_sidebar":"","neve_meta_container":"","neve_meta_enable_content_width":"on","neve_meta_content_width":100,"neve_meta_title_alignment":"","neve_meta_author_avatar":"","neve_post_elements_order":"","neve_meta_disable_header":"","neve_meta_disable_footer":"","neve_meta_disable_title":"","_themeisle_gutenberg_block_has_review":false},"product_brand":[],"product_cat":[27],"product_tag":[],"class_list":{"0":"post-10676","1":"product","2":"type-product","3":"status-publish","4":"has-post-thumbnail","6":"product_cat-statues","7":"pa_dimensions-h-87-cm","8":"pa_epoque-debut-du-xxeme-siecle","9":"pa_ethnie-dogon","10":"pa_materiaux-bois","11":"pa_pays-mali","13":"first","14":"instock","15":"sold-individually","16":"taxable","17":"shipping-taxable","18":"purchasable","19":"product-type-simple","20":"add-to-wishlist-before_image"},"_links":{"self":[{"href":"https:\/\/evebegalli.com\/en\/wp-json\/wp\/v2\/product\/10676","targetHints":{"allow":["GET"]}}],"collection":[{"href":"https:\/\/evebegalli.com\/en\/wp-json\/wp\/v2\/product"}],"about":[{"href":"https:\/\/evebegalli.com\/en\/wp-json\/wp\/v2\/types\/product"}],"version-history":[{"count":0,"href":"https:\/\/evebegalli.com\/en\/wp-json\/wp\/v2\/product\/10676\/revisions"}],"wp:featuredmedia":[{"embeddable":true,"href":"https:\/\/evebegalli.com\/en\/wp-json\/wp\/v2\/media\/10708"}],"wp:attachment":[{"href":"https:\/\/evebegalli.com\/en\/wp-json\/wp\/v2\/media?parent=10676"}],"wp:term":[{"taxonomy":"product_brand","embeddable":true,"href":"https:\/\/evebegalli.com\/en\/wp-json\/wp\/v2\/product_brand?post=10676"},{"taxonomy":"product_cat","embeddable":true,"href":"https:\/\/evebegalli.com\/en\/wp-json\/wp\/v2\/product_cat?post=10676"},{"taxonomy":"product_tag","embeddable":true,"href":"https:\/\/evebegalli.com\/en\/wp-json\/wp\/v2\/product_tag?post=10676"}],"curies":[{"name":"wp","href":"https:\/\/api.w.org\/{rel}","templated":true}]}}

<p>La sculpture de ce cavalier est caractérisée par certaines constantes de la statuaire Dogon telles que la verticalité et la stylisation.<br />
Le cavalier porte les insignes qui correspondent à son origine et à son statut : ornements, barbe, et coiffure. La barbe en collier caractéristique des sages Dogon, héritée de leurs prédécesseurs les Tellem dans la région de Bandiagara. Il tient les rênes, celles-ci fixées au museau de l&rsquo;animal par une bride tressée. Une lance était tenue autrefois par le cavalier.<br />
Cette pièce est exceptionnelle par sa taille.  C&rsquo;était un objet rituel de commémoration des ancêtres possédé par un homme pour faire preuve de sa richesse et d&rsquo;être préservé par les dieux.<br />
La sculpture présente une patine sèche, couverte par endroits d&rsquo;une patine noire rentrée dans le bois, qui témoigne d&rsquo;une manipulation répétée.</p>
<p style="text-align: center;"><a href="#v144">GO TO THE VIDEO</a>          <a href="#c144">GO TO THE CATALOG</a></p>
<p><strong>Origin</strong><br />
Collected in situ in 1950 by Gabriel Sala<br />
Ex Collection Safari Museum, ca. 1980 Montverdun<br />
Ex Collection Marc Cohen, Saint-Raphaël, acquired in 2011<br />
Eve Begalli collection, Grenoble, acquired in 2015</p>
<div>
<p><a href="https://www.pressreader.com/monaco/monaco-matin/20161028/281779923672562">https://www.pressreader.com/monaco/monaco-matin/20161028/281779923672562</a></p>
</div>
